Last updated on 2025-05-03 21:51:28 CEST.
Flavor | Version | Tinstall | Tcheck | Ttotal | Status | Flags |
---|---|---|---|---|---|---|
r-devel-linux-x86_64-debian-clang | 0.1.0 | 10.13 | 72.92 | 83.05 | OK | |
r-devel-linux-x86_64-debian-gcc | 0.1.0 | 6.27 | 52.77 | 59.04 | OK | |
r-devel-linux-x86_64-fedora-clang | 0.1.0 | 130.21 | NOTE | |||
r-devel-linux-x86_64-fedora-gcc | 0.1.0 | 120.54 | NOTE | |||
r-devel-windows-x86_64 | 0.1.0 | 11.00 | 86.00 | 97.00 | OK | |
r-patched-linux-x86_64 | 0.1.0 | 10.70 | 69.02 | 79.72 | OK | |
r-release-linux-x86_64 | OK | |||||
r-release-macos-arm64 | 0.1.0 | 39.00 | OK | |||
r-release-macos-x86_64 | 0.1.0 | 67.00 | OK | |||
r-release-windows-x86_64 | 0.1.0 | 10.00 | 84.00 | 94.00 | OK | |
r-oldrel-macos-arm64 | 0.1.0 | 37.00 | OK | |||
r-oldrel-macos-x86_64 | 0.1.0 | 56.00 | OK | |||
r-oldrel-windows-x86_64 | 0.1.0 | 13.00 | 103.00 | 116.00 | OK |
Version: 0.1.0
Check: dependencies in R code
Result: NOTE
Namespace in Imports field not imported from: ‘missMethods’
All declared Imports should be used.
Flavors: r-devel-linux-x86_64-fedora-clang, r-devel-linux-x86_64-fedora-gcc