Last updated on 2025-05-03 12:54:51 CEST.
Flavor | Version | Tinstall | Tcheck | Ttotal | Status | Flags |
---|---|---|---|---|---|---|
r-devel-linux-x86_64-debian-clang | 1.6 | 4.58 | 38.92 | 43.50 | NOTE | |
r-devel-linux-x86_64-debian-gcc | 1.6 | 3.14 | 28.40 | 31.54 | NOTE | |
r-devel-linux-x86_64-fedora-clang | 1.6 | 67.45 | OK | |||
r-devel-linux-x86_64-fedora-gcc | 1.6 | 62.22 | OK | |||
r-devel-windows-x86_64 | 1.6 | 6.00 | 59.00 | 65.00 | OK | |
r-patched-linux-x86_64 | 1.6 | 5.04 | 35.88 | 40.92 | OK | |
r-release-linux-x86_64 | OK | |||||
r-release-macos-arm64 | 1.6 | 23.00 | OK | |||
r-release-macos-x86_64 | 1.6 | 40.00 | OK | |||
r-release-windows-x86_64 | 1.6 | 6.00 | 58.00 | 64.00 | OK | |
r-oldrel-macos-arm64 | 1.6 | 22.00 | OK | |||
r-oldrel-macos-x86_64 | 1.6 | 34.00 | OK | |||
r-oldrel-windows-x86_64 | 1.6 | 7.00 | 67.00 | 74.00 | OK |
Version: 1.6
Check: CRAN incoming feasibility
Result: NOTE
Maintainer: ‘Thomas D. Fletcher <t.d.fletcher05@gmail.com>’
No Authors@R field in DESCRIPTION.
Please add one, modifying
Authors@R: person(given = c("Thomas", "D."),
family = "Fletcher",
role = c("aut", "cre"),
email = "t.d.fletcher05@gmail.com")
as necessary.
Flavors: r-devel-linux-x86_64-debian-clang, r-devel-linux-x86_64-debian-gcc