CRAN Package Check Results for Package R.methodsS3

Last updated on 2025-11-02 03:51:50 CET.

Flavor Version Tinstall Tcheck Ttotal Status Flags
r-devel-linux-x86_64-debian-clang 1.8.2 2.08 25.78 27.86 NOTE
r-devel-linux-x86_64-debian-gcc 1.8.2 1.75 20.41 22.16 NOTE
r-devel-linux-x86_64-fedora-clang 1.8.2 44.09 OK
r-devel-linux-x86_64-fedora-gcc 1.8.2 39.70 OK
r-devel-windows-x86_64 1.8.2 4.00 45.00 49.00 OK
r-patched-linux-x86_64 1.8.2 2.08 24.32 26.40 OK
r-release-linux-x86_64 1.8.2 1.70 24.28 25.98 OK
r-release-macos-arm64 1.8.2 1.00 16.00 17.00 OK
r-release-macos-x86_64 1.8.2 2.00 32.00 34.00 OK
r-release-windows-x86_64 1.8.2 6.00 44.00 50.00 OK
r-oldrel-macos-arm64 1.8.2 1.00 21.00 22.00 OK
r-oldrel-macos-x86_64 1.8.2 2.00 33.00 35.00 OK
r-oldrel-windows-x86_64 1.8.2 3.00 45.00 48.00 OK

Check Details

Version: 1.8.2
Check: CRAN incoming feasibility
Result: NOTE Maintainer: ‘Henrik Bengtsson <henrikb@braju.com>’ Package CITATION file contains call(s) to old-style citEntry(). Please use bibentry() instead. Flavors: r-devel-linux-x86_64-debian-clang, r-devel-linux-x86_64-debian-gcc