CRAN Package Check Results for Package RBtest

Last updated on 2025-05-03 21:51:29 CEST.

Flavor Version Tinstall Tcheck Ttotal Status Flags
r-devel-linux-x86_64-debian-clang 1.1 11.17 83.48 94.65 NOTE
r-devel-linux-x86_64-debian-gcc 1.1 7.35 62.65 70.00 NOTE
r-devel-linux-x86_64-fedora-clang 1.1 147.55 OK
r-devel-linux-x86_64-fedora-gcc 1.1 138.69 OK
r-devel-windows-x86_64 1.1 11.00 92.00 103.00 OK
r-patched-linux-x86_64 1.1 10.08 77.69 87.77 OK
r-release-linux-x86_64 OK
r-release-macos-arm64 1.1 42.00 OK
r-release-macos-x86_64 1.1 76.00 OK
r-release-windows-x86_64 1.1 11.00 92.00 103.00 OK
r-oldrel-macos-arm64 1.1 38.00 NOTE
r-oldrel-macos-x86_64 1.1 61.00 NOTE
r-oldrel-windows-x86_64 1.1 15.00 111.00 126.00 NOTE

Check Details

Version: 1.1
Check: CRAN incoming feasibility
Result: NOTE Maintainer: ‘Serguei Rouzinov <rouzinovs@gmail.com>’ No Authors@R field in DESCRIPTION. Please add one, modifying Authors@R: c(person(given = "Serguei", family = "Rouzinov", role = c("aut", "cre"), email = "rouzinovs@gmail.com"), person(given = "André", family = "Berchtold", role = "aut")) as necessary. Flavors: r-devel-linux-x86_64-debian-clang, r-devel-linux-x86_64-debian-gcc

Version: 1.1
Check: LazyData
Result: NOTE 'LazyData' is specified without a 'data' directory Flavors: r-oldrel-macos-arm64, r-oldrel-macos-x86_64, r-oldrel-windows-x86_64