Last updated on 2025-05-03 21:51:29 CEST.
Flavor | Version | Tinstall | Tcheck | Ttotal | Status | Flags |
---|---|---|---|---|---|---|
r-devel-linux-x86_64-debian-clang | 1.0.3 | 28.55 | 234.22 | 262.77 | NOTE | |
r-devel-linux-x86_64-debian-gcc | 1.0.3 | 17.56 | 149.51 | 167.07 | NOTE | |
r-devel-linux-x86_64-fedora-clang | 1.0.3 | 413.63 | NOTE | |||
r-devel-linux-x86_64-fedora-gcc | 1.0.3 | 395.08 | NOTE | |||
r-devel-windows-x86_64 | 1.0.3 | 25.00 | 178.00 | 203.00 | NOTE | |
r-patched-linux-x86_64 | 1.0.3 | 22.36 | 220.41 | 242.77 | NOTE | |
r-release-linux-x86_64 | NOTE | |||||
r-release-macos-arm64 | 1.0.3 | 91.00 | NOTE | |||
r-release-macos-x86_64 | 1.0.3 | 221.00 | NOTE | |||
r-release-windows-x86_64 | 1.0.3 | 24.00 | 176.00 | 200.00 | NOTE | |
r-oldrel-macos-arm64 | 1.0.3 | 82.00 | NOTE | |||
r-oldrel-macos-x86_64 | 1.0.3 | 142.00 | NOTE | |||
r-oldrel-windows-x86_64 | 1.0.3 | 33.00 | 251.00 | 284.00 | NOTE |
Version: 1.0.3
Check: Rd files
Result: NOTE
checkRd: (-1) nc_open_CGLS.Rd:29-32: Lost braces
29 | if(resolution == "300m"){
| ^
checkRd: (-1) nc_open_CGLS.Rd:33-36: Lost braces
33 | if(resolution == "1km"){
| ^
Flavors: r-devel-linux-x86_64-debian-clang, r-devel-linux-x86_64-debian-gcc, r-devel-linux-x86_64-fedora-clang, r-devel-linux-x86_64-fedora-gcc, r-devel-windows-x86_64, r-patched-linux-x86_64, r-release-linux-x86_64, r-release-macos-arm64, r-release-macos-x86_64, r-release-windows-x86_64, r-oldrel-macos-arm64, r-oldrel-macos-x86_64, r-oldrel-windows-x86_64
Version: 1.0.3
Check: LazyData
Result: NOTE
'LazyData' is specified without a 'data' directory
Flavors: r-oldrel-macos-arm64, r-oldrel-macos-x86_64, r-oldrel-windows-x86_64