CRAN Package Check Results for Package RChest

Last updated on 2025-07-25 06:49:42 CEST.

Flavor Version Tinstall Tcheck Ttotal Status Flags
r-devel-linux-x86_64-debian-clang 1.0.3 4.63 62.80 67.43 OK
r-devel-linux-x86_64-debian-gcc 1.0.3 3.45 47.98 51.43 OK
r-devel-linux-x86_64-fedora-clang 1.0.3 103.12 NOTE
r-devel-linux-x86_64-fedora-gcc 1.0.3 99.51 NOTE
r-devel-windows-x86_64 1.0.3 7.00 88.00 95.00 OK
r-patched-linux-x86_64 1.0.3 5.11 57.99 63.10 OK
r-release-linux-x86_64 1.0.3 4.59 59.11 63.70 OK
r-release-macos-arm64 1.0.3 37.00 OK
r-release-macos-x86_64 1.0.3 63.00 OK
r-release-windows-x86_64 1.0.3 6.00 91.00 97.00 OK
r-oldrel-macos-arm64 1.0.3 33.00 NOTE
r-oldrel-macos-x86_64 1.0.3 47.00 NOTE
r-oldrel-windows-x86_64 1.0.3 8.00 98.00 106.00 NOTE

Check Details

Version: 1.0.3
Check: dependencies in R code
Result: NOTE Namespace in Imports field not imported from: ‘Rdpack’ All declared Imports should be used. Flavors: r-devel-linux-x86_64-fedora-clang, r-devel-linux-x86_64-fedora-gcc

Version: 1.0.3
Check: LazyData
Result: NOTE 'LazyData' is specified without a 'data' directory Flavors: r-oldrel-macos-arm64, r-oldrel-macos-x86_64, r-oldrel-windows-x86_64