Last updated on 2025-05-06 03:51:12 CEST.
Flavor | Version | Tinstall | Tcheck | Ttotal | Status | Flags |
---|---|---|---|---|---|---|
r-devel-linux-x86_64-debian-clang | 1.2.2 | 6.37 | 53.18 | 59.55 | NOTE | |
r-devel-linux-x86_64-debian-gcc | 1.2.2 | 4.01 | 38.22 | 42.23 | NOTE | |
r-devel-linux-x86_64-fedora-clang | 1.2.2 | 91.74 | OK | |||
r-devel-linux-x86_64-fedora-gcc | 1.2.2 | 103.36 | OK | |||
r-devel-windows-x86_64 | 1.2.2 | 8.00 | 91.00 | 99.00 | OK | |
r-patched-linux-x86_64 | 1.2.2 | 8.16 | 50.60 | 58.76 | OK | |
r-release-linux-x86_64 | 1.2.2 | 6.21 | 49.84 | 56.05 | OK | |
r-release-macos-arm64 | 1.2.2 | 33.00 | OK | |||
r-release-macos-x86_64 | 1.2.2 | 65.00 | OK | |||
r-release-windows-x86_64 | 1.2.2 | 8.00 | 93.00 | 101.00 | OK | |
r-oldrel-macos-arm64 | 1.2.2 | 31.00 | OK | |||
r-oldrel-macos-x86_64 | 1.2.2 | 48.00 | OK | |||
r-oldrel-windows-x86_64 | 1.2.2 | 7.00 | 89.00 | 96.00 | OK |
Version: 1.2.2
Check: CRAN incoming feasibility
Result: NOTE
Maintainer: ‘Hongen Zhang <hzhang.henry@gmail.com>’
No Authors@R field in DESCRIPTION.
Please add one, modifying
Authors@R: person(given = "Hongen",
family = "Zhang",
role = c("aut", "cre"),
email = "hzhang.henry@gmail.com")
as necessary.
Package CITATION file contains call(s) to old-style personList() or
as.personList(). Please use c() on person objects instead.
Package CITATION file contains call(s) to old-style citEntry(). Please
use bibentry() instead.
Flavors: r-devel-linux-x86_64-debian-clang, r-devel-linux-x86_64-debian-gcc