CRAN Package Check Results for Package REPPlab

Last updated on 2025-05-03 21:51:29 CEST.

Flavor Version Tinstall Tcheck Ttotal Status Flags
r-devel-linux-x86_64-debian-clang 0.9.6 4.19 54.22 58.41 NOTE
r-devel-linux-x86_64-debian-gcc 0.9.6 3.35 40.60 43.95 NOTE
r-devel-linux-x86_64-fedora-clang 0.9.6 90.92 OK
r-devel-linux-x86_64-fedora-gcc 0.9.6 86.63 OK
r-devel-windows-x86_64 0.9.6 5.00 75.00 80.00 OK
r-patched-linux-x86_64 0.9.6 4.16 52.64 56.80 OK
r-release-linux-x86_64 OK
r-release-macos-arm64 0.9.6 32.00 OK
r-release-macos-x86_64 0.9.6 56.00 OK
r-release-windows-x86_64 0.9.6 5.00 73.00 78.00 OK
r-oldrel-macos-arm64 0.9.6 32.00 OK
r-oldrel-macos-x86_64 0.9.6 47.00 OK
r-oldrel-windows-x86_64 0.9.6 6.00 88.00 94.00 OK

Check Details

Version: 0.9.6
Check: CRAN incoming feasibility
Result: NOTE Maintainer: ‘Daniel Fischer <daniel.fischer@luke.fi>’ No Authors@R field in DESCRIPTION. Please add one, modifying Authors@R: c(person(given = "Daniel", family = "Fischer", role = c("aut", "cre"), email = "daniel.fischer@luke.fi"), person(given = "Alain", family = "Berro", role = "aut"), person(given = "Klaus", family = "Nordhausen", role = "aut"), person(given = "Anne", family = "Ruiz-Gazen", role = "aut")) as necessary. Flavors: r-devel-linux-x86_64-debian-clang, r-devel-linux-x86_64-debian-gcc