Last updated on 2024-06-17 06:50:29 CEST.
Flavor | Version | Tinstall | Tcheck | Ttotal | Status | Flags |
---|---|---|---|---|---|---|
r-devel-linux-x86_64-debian-clang | 0.1.1 | 1.68 | 23.48 | 25.16 | NOTE | |
r-devel-linux-x86_64-debian-gcc | 0.1.1 | 1.64 | 17.96 | 19.60 | NOTE | |
r-devel-linux-x86_64-fedora-clang | 0.1.1 | 31.74 | NOTE | |||
r-devel-linux-x86_64-fedora-gcc | 0.1.1 | 30.04 | NOTE | |||
r-devel-windows-x86_64 | 0.1.1 | 2.00 | 39.00 | 41.00 | NOTE | |
r-patched-linux-x86_64 | 0.1.1 | 1.72 | 21.70 | 23.42 | NOTE | |
r-release-linux-x86_64 | 0.1.1 | 2.22 | 22.82 | 25.04 | NOTE | |
r-release-macos-arm64 | 0.1.1 | 15.00 | NOTE | |||
r-release-macos-x86_64 | 0.1.1 | 21.00 | NOTE | |||
r-release-windows-x86_64 | 0.1.1 | 2.00 | 39.00 | 41.00 | NOTE | |
r-oldrel-macos-arm64 | 0.1.1 | 14.00 | NOTE | |||
r-oldrel-macos-x86_64 | 0.1.1 | 20.00 | NOTE | |||
r-oldrel-windows-x86_64 | 0.1.1 | 3.00 | 41.00 | 44.00 | NOTE |
Version: 0.1.1
Check: LazyData
Result: NOTE
'LazyData' is specified without a 'data' directory
Flavors: r-devel-linux-x86_64-debian-clang, r-devel-linux-x86_64-debian-gcc, r-devel-linux-x86_64-fedora-clang, r-devel-linux-x86_64-fedora-gcc, r-devel-windows-x86_64, r-patched-linux-x86_64, r-release-linux-x86_64, r-release-macos-arm64, r-release-macos-x86_64, r-release-windows-x86_64, r-oldrel-macos-arm64, r-oldrel-macos-x86_64, r-oldrel-windows-x86_64