CRAN Package Check Results for Package RGE

Last updated on 2025-05-07 12:50:33 CEST.

Flavor Version Tinstall Tcheck Ttotal Status Flags
r-devel-linux-x86_64-debian-clang 1.0 6.61 63.94 70.55 NOTE
r-devel-linux-x86_64-debian-gcc 1.0 5.11 47.46 52.57 NOTE
r-devel-linux-x86_64-fedora-clang 1.0 109.13 OK
r-devel-linux-x86_64-fedora-gcc 1.0 105.91 OK
r-devel-windows-x86_64 1.0 8.00 77.00 85.00 OK
r-patched-linux-x86_64 1.0 6.43 62.82 69.25 OK
r-release-linux-x86_64 1.0 6.88 62.49 69.37 OK
r-release-macos-arm64 1.0 37.00 OK
r-release-macos-x86_64 1.0 62.00 OK
r-release-windows-x86_64 1.0 8.00 77.00 85.00 OK
r-oldrel-macos-arm64 1.0 34.00 OK
r-oldrel-macos-x86_64 1.0 57.00 OK
r-oldrel-windows-x86_64 1.0 10.00 85.00 95.00 OK

Check Details

Version: 1.0
Check: CRAN incoming feasibility
Result: NOTE Maintainer: ‘Jose Miguel Cotes Torres <jmcotes@unal.edu.co>’ No Authors@R field in DESCRIPTION. Please add one, modifying Authors@R: c(person(given = c("Jose", "Miguel", "Cotes", "Torres.", "Universidad", "Nacional", "de", "Colombia", "-", "Sede"), family = "Medellin", role = "aut"), person(given = c("Jose", "Miguel", "Cotes"), family = "Torres", role = "cre", email = "jmcotes@unal.edu.co")) as necessary. Flavors: r-devel-linux-x86_64-debian-clang, r-devel-linux-x86_64-debian-gcc