CRAN Package Check Results for Package RGENERATE

Last updated on 2025-05-03 21:51:30 CEST.

Flavor Version Tinstall Tcheck Ttotal Status Flags
r-devel-linux-x86_64-debian-clang 1.3.7 6.28 81.17 87.45 NOTE
r-devel-linux-x86_64-debian-gcc 1.3.7 5.92 59.86 65.78 NOTE
r-devel-linux-x86_64-fedora-clang 1.3.7 134.29 OK
r-devel-linux-x86_64-fedora-gcc 1.3.7 146.33 OK
r-devel-windows-x86_64 1.3.7 9.00 94.00 103.00 NOTE
r-patched-linux-x86_64 1.3.7 6.70 77.18 83.88 NOTE
r-release-linux-x86_64 NOTE
r-release-macos-arm64 1.3.7 51.00 OK
r-release-macos-x86_64 1.3.7 74.00 OK
r-release-windows-x86_64 1.3.7 9.00 92.00 101.00 NOTE
r-oldrel-macos-arm64 1.3.7 37.00 OK
r-oldrel-macos-x86_64 1.3.7 55.00 OK
r-oldrel-windows-x86_64 1.3.7 11.00 119.00 130.00 OK

Check Details

Version: 1.3.7
Check: CRAN incoming feasibility
Result: NOTE Maintainer: ‘Emanuele Cordano <emanuele.cordano@gmail.com>’ No Authors@R field in DESCRIPTION. Please add one, modifying Authors@R: person(given = "Emanuele", family = "Cordano", role = c("aut", "cre"), email = "emanuele.cordano@gmail.com") as necessary. Package CITATION file contains call(s) to old-style citEntry(). Please use bibentry() instead. Flavors: r-devel-linux-x86_64-debian-clang, r-devel-linux-x86_64-debian-gcc

Version: 1.3.7
Check: Rd cross-references
Result: NOTE Found the following Rd file(s) with Rd \link{} targets missing package anchors: generate.Rd: varest-class, varest2-class, inv_GPCA, GPCAvarest2-class, adddate, getVARmodel Please provide package anchors for all Rd \link{} targets not in the package itself and the base packages. Flavors: r-devel-linux-x86_64-debian-clang, r-devel-linux-x86_64-debian-gcc, r-devel-windows-x86_64, r-patched-linux-x86_64, r-release-linux-x86_64, r-release-windows-x86_64