CRAN Package Check Results for Package RGoogleFit

Last updated on 2025-05-03 21:51:30 CEST.

Flavor Version Tinstall Tcheck Ttotal Status Flags
r-devel-linux-x86_64-debian-clang 0.4.0 2.82 25.84 28.66 NOTE
r-devel-linux-x86_64-debian-gcc 0.4.0 2.02 20.43 22.45 NOTE
r-devel-linux-x86_64-fedora-clang 0.4.0 43.88 OK
r-devel-linux-x86_64-fedora-gcc 0.4.0 41.95 OK
r-devel-windows-x86_64 0.4.0 4.00 45.00 49.00 OK
r-patched-linux-x86_64 0.4.0 2.20 24.90 27.10 OK
r-release-linux-x86_64 OK
r-release-macos-arm64 0.4.0 21.00 OK
r-release-macos-x86_64 0.4.0 33.00 OK
r-release-windows-x86_64 0.4.0 5.00 45.00 50.00 OK
r-oldrel-macos-arm64 0.4.0 18.00 NOTE
r-oldrel-macos-x86_64 0.4.0 26.00 NOTE
r-oldrel-windows-x86_64 0.4.0 5.00 52.00 57.00 NOTE

Check Details

Version: 0.4.0
Check: CRAN incoming feasibility
Result: NOTE Maintainer: ‘Marcin Szymanski <ms32035@gmail.com>’ No Authors@R field in DESCRIPTION. Please add one, modifying Authors@R: person(given = "Marcin", family = "Szymanski", role = c("aut", "cre"), email = "ms32035@gmail.com") as necessary. Flavors: r-devel-linux-x86_64-debian-clang, r-devel-linux-x86_64-debian-gcc

Version: 0.4.0
Check: LazyData
Result: NOTE 'LazyData' is specified without a 'data' directory Flavors: r-oldrel-macos-arm64, r-oldrel-macos-x86_64, r-oldrel-windows-x86_64