Last updated on 2025-05-03 21:51:30 CEST.
Flavor | Version | Tinstall | Tcheck | Ttotal | Status | Flags |
---|---|---|---|---|---|---|
r-devel-linux-x86_64-debian-clang | 0.2.8 | 10.86 | 78.40 | 89.26 | OK | |
r-devel-linux-x86_64-debian-gcc | 0.2.8 | 6.66 | 54.66 | 61.32 | OK | |
r-devel-linux-x86_64-fedora-clang | 0.2.8 | 140.63 | OK | |||
r-devel-linux-x86_64-fedora-gcc | 0.2.8 | 138.84 | OK | |||
r-devel-windows-x86_64 | 0.2.8 | 11.00 | 94.00 | 105.00 | OK | |
r-patched-linux-x86_64 | 0.2.8 | 10.99 | 74.57 | 85.56 | OK | |
r-release-linux-x86_64 | OK | |||||
r-release-macos-arm64 | 0.2.8 | 38.00 | OK | |||
r-release-macos-x86_64 | 0.2.8 | 72.00 | OK | |||
r-release-windows-x86_64 | 0.2.8 | 11.00 | 91.00 | 102.00 | OK | |
r-oldrel-macos-arm64 | 0.2.8 | 41.00 | NOTE | |||
r-oldrel-macos-x86_64 | 0.2.8 | 94.00 | NOTE | |||
r-oldrel-windows-x86_64 | 0.2.8 | 11.00 | 111.00 | 122.00 | NOTE |
Version: 0.2.8
Check: installed package size
Result: NOTE
installed size is 5.1Mb
sub-directories of 1Mb or more:
java 4.2Mb
Flavors: r-oldrel-macos-arm64, r-oldrel-macos-x86_64, r-oldrel-windows-x86_64