CRAN Package Check Results for Package RMKdiscrete

Last updated on 2025-05-03 21:51:30 CEST.

Flavor Version Tinstall Tcheck Ttotal Status Flags
r-devel-linux-x86_64-debian-clang 0.2 4.67 29.22 33.89 NOTE
r-devel-linux-x86_64-debian-gcc 0.2 3.65 22.03 25.68 NOTE
r-devel-linux-x86_64-fedora-clang 0.2 53.07 NOTE
r-devel-linux-x86_64-fedora-gcc 0.2 52.49 NOTE
r-devel-windows-x86_64 0.2 8.00 57.00 65.00 OK
r-patched-linux-x86_64 0.2 5.28 28.02 33.30 OK
r-release-linux-x86_64 OK
r-release-macos-arm64 0.2 22.00 OK
r-release-macos-x86_64 0.2 51.00 OK
r-release-windows-x86_64 0.2 8.00 58.00 66.00 OK
r-oldrel-macos-arm64 0.2 22.00 OK
r-oldrel-macos-x86_64 0.2 33.00 OK
r-oldrel-windows-x86_64 0.2 7.00 57.00 64.00 OK

Check Details

Version: 0.2
Check: CRAN incoming feasibility
Result: NOTE Maintainer: ‘Robert M. Kirkpatrick <rkirkpatrick2@vcu.edu>’ No Authors@R field in DESCRIPTION. Please add one, modifying Authors@R: person(given = c("Robert", "M."), family = "Kirkpatrick", role = c("aut", "cre"), email = "rkirkpatrick2@vcu.edu") as necessary. Flavors: r-devel-linux-x86_64-debian-clang, r-devel-linux-x86_64-debian-gcc

Version: 0.2
Check: compiled code
Result: NOTE File ‘RMKdiscrete/libs/RMKdiscrete.so’: Found no calls to: ‘R_registerRoutines’, ‘R_useDynamicSymbols’ It is good practice to register native routines and to disable symbol search. See ‘Writing portable packages’ in the ‘Writing R Extensions’ manual. Flavors: r-devel-linux-x86_64-fedora-clang, r-devel-linux-x86_64-fedora-gcc