CRAN Package Check Results for Package RMPSH

Last updated on 2025-07-22 12:49:44 CEST.

Flavor Version Tinstall Tcheck Ttotal Status Flags
r-devel-linux-x86_64-debian-clang 1.1.1 30.89 24.26 55.15 NOTE
r-devel-linux-x86_64-debian-gcc 1.1.1 21.27 20.79 42.06 NOTE
r-devel-linux-x86_64-fedora-clang 1.1.1 99.50 OK
r-devel-linux-x86_64-fedora-gcc 1.1.1 88.55 OK
r-devel-windows-x86_64 1.1.1 37.00 67.00 104.00 OK
r-patched-linux-x86_64 1.1.1 30.04 23.14 53.18 OK
r-release-linux-x86_64 1.1.1 30.09 23.14 53.23 OK
r-release-macos-arm64 1.1.1 31.00 OK
r-release-macos-x86_64 1.1.1 50.00 OK
r-release-windows-x86_64 1.1.1 41.00 64.00 105.00 OK
r-oldrel-macos-arm64 1.1.1 32.00 NOTE
r-oldrel-macos-x86_64 1.1.1 49.00 NOTE
r-oldrel-windows-x86_64 1.1.1 43.00 70.00 113.00 NOTE

Check Details

Version: 1.1.1
Check: CRAN incoming feasibility
Result: NOTE Maintainer: ‘Priyam Das <pdas@ncsu.edu>’ The Description field contains Described in the paper : Das (2016) <arXiv:1604.08616> . Please refer to arXiv e-prints via their arXiv DOI <doi:10.48550/arXiv.YYMM.NNNNN>. Flavors: r-devel-linux-x86_64-debian-clang, r-devel-linux-x86_64-debian-gcc

Version: 1.1.1
Check: LazyData
Result: NOTE 'LazyData' is specified without a 'data' directory Flavors: r-oldrel-macos-arm64, r-oldrel-macos-x86_64, r-oldrel-windows-x86_64