Last updated on 2025-05-05 21:51:16 CEST.
Flavor | Version | Tinstall | Tcheck | Ttotal | Status | Flags |
---|---|---|---|---|---|---|
r-devel-linux-x86_64-debian-clang | 1.1 | 3.07 | 28.44 | 31.51 | NOTE | |
r-devel-linux-x86_64-debian-gcc | 1.1 | 2.19 | 22.42 | 24.61 | NOTE | |
r-devel-linux-x86_64-fedora-clang | 1.1 | 49.65 | OK | |||
r-devel-linux-x86_64-fedora-gcc | 1.1 | 48.38 | OK | |||
r-devel-windows-x86_64 | 1.1 | 4.00 | 52.00 | 56.00 | OK | |
r-patched-linux-x86_64 | 1.1 | 3.24 | 27.42 | 30.66 | OK | |
r-release-linux-x86_64 | 1.1 | 2.88 | 27.47 | 30.35 | OK | |
r-release-macos-arm64 | 1.1 | 18.00 | OK | |||
r-release-macos-x86_64 | 1.1 | 41.00 | OK | |||
r-release-windows-x86_64 | 1.1 | 4.00 | 53.00 | 57.00 | OK | |
r-oldrel-macos-arm64 | 1.1 | 22.00 | OK | |||
r-oldrel-macos-x86_64 | 1.1 | 35.00 | OK | |||
r-oldrel-windows-x86_64 | 1.1 | 5.00 | 55.00 | 60.00 | OK |
Version: 1.1
Check: CRAN incoming feasibility
Result: NOTE
Maintainer: ‘Uwe Menzel <uwemenzel@gmail.com>’
No Authors@R field in DESCRIPTION.
Please add one, modifying
Authors@R: person(given = "Uwe",
family = "Menzel",
role = c("aut", "cre"),
email = "uwemenzel@gmail.com")
as necessary.
Flavors: r-devel-linux-x86_64-debian-clang, r-devel-linux-x86_64-debian-gcc