Last updated on 2025-05-04 03:51:04 CEST.
Flavor | Version | Tinstall | Tcheck | Ttotal | Status | Flags |
---|---|---|---|---|---|---|
r-devel-linux-x86_64-debian-clang | 0.3.1 | 1.82 | 21.27 | 23.09 | NOTE | |
r-devel-linux-x86_64-debian-gcc | 0.3.1 | 1.56 | 17.16 | 18.72 | NOTE | |
r-devel-linux-x86_64-fedora-clang | 0.3.1 | 34.66 | OK | |||
r-devel-linux-x86_64-fedora-gcc | 0.3.1 | 33.60 | OK | |||
r-devel-windows-x86_64 | 0.3.1 | 4.00 | 39.00 | 43.00 | OK | |
r-patched-linux-x86_64 | 0.3.1 | 2.20 | 19.32 | 21.52 | OK | |
r-release-linux-x86_64 | OK | |||||
r-release-macos-arm64 | 0.3.1 | 17.00 | OK | |||
r-release-macos-x86_64 | 0.3.1 | 24.00 | OK | |||
r-release-windows-x86_64 | 0.3.1 | 4.00 | 38.00 | 42.00 | OK | |
r-oldrel-macos-arm64 | 0.3.1 | 15.00 | OK | |||
r-oldrel-macos-x86_64 | 0.3.1 | 22.00 | OK | |||
r-oldrel-windows-x86_64 | 0.3.1 | 3.00 | 39.00 | 42.00 | OK |
Version: 0.3.1
Check: CRAN incoming feasibility
Result: NOTE
Maintainer: ‘Evan Biederstedt <evan.biederstedt@gmail.com>’
No Authors@R field in DESCRIPTION.
Please add one, modifying
Authors@R: c(person(given = c("Iain", "M."),
family = "Johnstone",
role = "aut"),
person(given = "Zongming",
family = "Ma",
role = "aut"),
person(given = c("Patrick", "O."),
family = "Perry",
role = "aut"),
person(given = "Morteza",
family = "Shahram",
role = "aut"),
person(given = "Evan",
family = "Biederstedt",
role = c("aut", "cre"),
email = "evan.biederstedt@gmail.com"))
as necessary.
Package CITATION file contains call(s) to old-style personList() or
as.personList(). Please use c() on person objects instead.
Package CITATION file contains call(s) to old-style citEntry(). Please
use bibentry() instead.
The BugReports field in DESCRIPTION has
https://github.com/evanbiederstedt/RMTstat
which should likely be
https://github.com/evanbiederstedt/RMTstat/issues
instead.
Flavors: r-devel-linux-x86_64-debian-clang, r-devel-linux-x86_64-debian-gcc