Last updated on 2025-05-03 21:51:30 CEST.
Flavor | Version | Tinstall | Tcheck | Ttotal | Status | Flags |
---|---|---|---|---|---|---|
r-devel-linux-x86_64-debian-clang | 1.1.0 | 6.45 | 73.58 | 80.03 | NOTE | |
r-devel-linux-x86_64-debian-gcc | 1.1.0 | 5.35 | 53.29 | 58.64 | NOTE | |
r-devel-linux-x86_64-fedora-clang | 1.1.0 | 126.78 | OK | |||
r-devel-linux-x86_64-fedora-gcc | 1.1.0 | 137.28 | OK | |||
r-devel-windows-x86_64 | 1.1.0 | 7.00 | 84.00 | 91.00 | OK | |
r-patched-linux-x86_64 | 1.1.0 | 6.25 | 68.89 | 75.14 | OK | |
r-release-linux-x86_64 | OK | |||||
r-release-macos-arm64 | 1.1.0 | 62.00 | OK | |||
r-release-macos-x86_64 | 1.1.0 | 90.00 | OK | |||
r-release-windows-x86_64 | 1.1.0 | 8.00 | 84.00 | 92.00 | OK | |
r-oldrel-macos-arm64 | 1.1.0 | 45.00 | NOTE | |||
r-oldrel-macos-x86_64 | 1.1.0 | 66.00 | NOTE | |||
r-oldrel-windows-x86_64 | 1.1.0 | 8.00 | 104.00 | 112.00 | NOTE |
Version: 1.1.0
Check: CRAN incoming feasibility
Result: NOTE
Maintainer: ‘Ruizhe Chen <rchen18@uic.edu>’
No Authors@R field in DESCRIPTION.
Please add one, modifying
Authors@R: c(person(given = "Hesen",
family = "Li",
role = "aut"),
person(given = "Ruizhe",
family = "Chen",
role = c("aut", "cre"),
email = "rchen18@uic.edu"),
person(given = "Hai",
family = "Nguyen",
role = "aut"),
person(given = "Yu-Che",
family = "Chung",
role = "aut"),
person(given = "Ran",
family = "Gao",
role = "aut"),
person(given = "Hakan",
family = "Demirtas",
role = "aut"))
as necessary.
Flavors: r-devel-linux-x86_64-debian-clang, r-devel-linux-x86_64-debian-gcc
Version: 1.1.0
Check: LazyData
Result: NOTE
'LazyData' is specified without a 'data' directory
Flavors: r-oldrel-macos-arm64, r-oldrel-macos-x86_64, r-oldrel-windows-x86_64