CRAN Package Check Results for Package RNewsflow

Last updated on 2025-05-03 21:51:30 CEST.

Flavor Version Tinstall Tcheck Ttotal Status Flags
r-devel-linux-x86_64-debian-clang 1.2.8 59.16 94.37 153.53 NOTE
r-devel-linux-x86_64-debian-gcc 1.2.8 43.23 69.17 112.40 NOTE
r-devel-linux-x86_64-fedora-clang 1.2.8 261.12 NOTE
r-devel-linux-x86_64-fedora-gcc 1.2.8 280.57 NOTE
r-devel-windows-x86_64 1.2.8 71.00 118.00 189.00 NOTE
r-patched-linux-x86_64 1.2.8 61.03 88.94 149.97 NOTE
r-release-linux-x86_64 NOTE
r-release-macos-arm64 1.2.8 82.00 NOTE
r-release-macos-x86_64 1.2.8 111.00 NOTE
r-release-windows-x86_64 1.2.8 73.00 119.00 192.00 NOTE
r-oldrel-macos-arm64 1.2.8 73.00 OK
r-oldrel-macos-x86_64 1.2.8 91.00 OK
r-oldrel-windows-x86_64 1.2.8 83.00 148.00 231.00 OK

Check Details

Version: 1.2.8
Check: CRAN incoming feasibility
Result: NOTE Maintainer: ‘Kasper Welbers <kasperwelbers@gmail.com>’ No Authors@R field in DESCRIPTION. Please add one, modifying Authors@R: c(person(given = c("Kasper", "Welbers", "&", "Wouter"), family = "van Atteveldt", role = "aut"), person(given = "Kasper", family = "Welbers", role = "cre", email = "kasperwelbers@gmail.com")) as necessary. Flavors: r-devel-linux-x86_64-debian-clang, r-devel-linux-x86_64-debian-gcc

Version: 1.2.8
Check: DESCRIPTION meta-information
Result: NOTE Missing dependency on R >= 4.1.0 because package code uses the pipe |> or function shorthand \(...) syntax added in R 4.1.0. File(s) using such syntax: ‘compare_documents.Rd’ ‘term_char_sim.Rd’ ‘term_union.Rd’ Flavors: r-devel-linux-x86_64-debian-clang, r-devel-linux-x86_64-debian-gcc, r-devel-linux-x86_64-fedora-clang, r-devel-linux-x86_64-fedora-gcc, r-devel-windows-x86_64, r-patched-linux-x86_64, r-release-linux-x86_64, r-release-macos-arm64, r-release-macos-x86_64, r-release-windows-x86_64