Last updated on 2025-05-03 21:51:30 CEST.
Flavor | Version | Tinstall | Tcheck | Ttotal | Status | Flags |
---|---|---|---|---|---|---|
r-devel-linux-x86_64-debian-clang | 1.8.0 | 25.13 | 36.28 | 61.41 | OK | |
r-devel-linux-x86_64-debian-gcc | 1.8.0 | 21.74 | 28.17 | 49.91 | OK | |
r-devel-linux-x86_64-fedora-clang | 1.8.0 | 94.04 | OK | |||
r-devel-linux-x86_64-fedora-gcc | 1.8.0 | 120.50 | OK | |||
r-devel-windows-x86_64 | 1.8.0 | 32.00 | 83.00 | 115.00 | OK | |
r-patched-linux-x86_64 | 1.8.0 | 27.52 | 33.45 | 60.97 | OK | |
r-release-linux-x86_64 | OK | |||||
r-release-macos-arm64 | 1.8.0 | 53.00 | OK | |||
r-release-macos-x86_64 | 1.8.0 | 68.00 | OK | |||
r-release-windows-x86_64 | 1.8.0 | 30.00 | 0.00 | 30.00 | FAIL | |
r-oldrel-macos-arm64 | 1.8.0 | 63.00 | NOTE | |||
r-oldrel-macos-x86_64 | 1.8.0 | 120.00 | NOTE | |||
r-oldrel-windows-x86_64 | 1.8.0 | 37.00 | 92.00 | 129.00 | OK |
Version: 1.8.0
Check: PDF version of manual
Result: FAIL
Check process probably crashed or hung up for 20 minutes ... killed
Most likely this happened in the example checks (?),
if not, ignore the following last lines of example output:
[2,] 0.0 2.5 0.0 -95.18523
[3,] 0.0 0.0 2.5 -55.03814
[4,] 0.0 0.0 0.0 1.00000
attr(,"imagedim")
[1] 96 96 60
attr(,"code")
[1] 2
>
> # The identity matrix corresponds to RAS orientation
> orientation(diag(4))
[1] "RAS"
>
>
>
>
> ### * <FOOTER>
> ###
> cleanEx()
> options(digits = 7L)
> base::cat("Time elapsed: ", proc.time() - base::get("ptime", pos = 'CheckExEnv'),"\n")
Time elapsed: 0.81 0.31 1.13 NA NA
> grDevices::dev.off()
null device
1
> ###
> ### Local variables: ***
> ### mode: outline-minor ***
> ### outline-regexp: "\\(> \\)?### [*]+" ***
> ### End: ***
> quit('no')
======== End of example output (where/before crash/hang up occured ?) ========
Flavor: r-release-windows-x86_64
Version: 1.8.0
Check: installed package size
Result: NOTE
installed size is 5.1Mb
sub-directories of 1Mb or more:
libs 4.0Mb
Flavors: r-oldrel-macos-arm64, r-oldrel-macos-x86_64