CRAN Package Check Results for Package RPushbullet

Last updated on 2025-05-03 21:51:31 CEST.

Flavor Version Tinstall Tcheck Ttotal Status Flags
r-devel-linux-x86_64-debian-clang 0.3.4 2.17 23.91 26.08 NOTE
r-devel-linux-x86_64-debian-gcc 0.3.4 1.71 19.31 21.02 NOTE
r-devel-linux-x86_64-fedora-clang 0.3.4 38.46 OK
r-devel-linux-x86_64-fedora-gcc 0.3.4 36.72 OK
r-devel-windows-x86_64 0.3.4 4.00 47.00 51.00 OK
r-patched-linux-x86_64 0.3.4 2.13 21.65 23.78 OK
r-release-linux-x86_64 OK
r-release-macos-arm64 0.3.4 18.00 OK
r-release-macos-x86_64 0.3.4 26.00 OK
r-release-windows-x86_64 0.3.4 3.00 45.00 48.00 OK
r-oldrel-macos-arm64 0.3.4 23.00 OK
r-oldrel-macos-x86_64 0.3.4 26.00 OK
r-oldrel-windows-x86_64 0.3.4 3.00 48.00 51.00 OK

Check Details

Version: 0.3.4
Check: CRAN incoming feasibility
Result: NOTE Maintainer: ‘Dirk Eddelbuettel <edd@debian.org>’ No Authors@R field in DESCRIPTION. Please add one, modifying Authors@R: c(person(given = c("Dirk", "Eddelbuettel", "with", "contributions", "by", "Bill"), family = "Evans", role = "aut"), person(given = "Mike", family = "Birdgeneau", role = "aut"), person(given = "Henrik", family = "Bengtsson", role = "aut"), person(given = "Seth", family = "Wenchel", role = "aut"), person(given = "Colin", family = "Gillespie", role = "aut"), person(given = "Chan-Yub", family = "Park", role = "aut"), person(given = "Dirk", family = "Eddelbuettel", role = "cre", email = "edd@debian.org")) as necessary. Flavors: r-devel-linux-x86_64-debian-clang, r-devel-linux-x86_64-debian-gcc