Last updated on 2025-05-03 21:51:31 CEST.
Flavor | Version | Tinstall | Tcheck | Ttotal | Status | Flags |
---|---|---|---|---|---|---|
r-devel-linux-x86_64-debian-clang | 0.0.4 | 3.69 | 41.25 | 44.94 | NOTE | |
r-devel-linux-x86_64-debian-gcc | 0.0.4 | 2.59 | 32.35 | 34.94 | NOTE | |
r-devel-linux-x86_64-fedora-clang | 0.0.4 | 69.61 | OK | |||
r-devel-linux-x86_64-fedora-gcc | 0.0.4 | 88.14 | OK | |||
r-devel-windows-x86_64 | 0.0.4 | 5.00 | 71.00 | 76.00 | OK | |
r-patched-linux-x86_64 | 0.0.4 | 5.00 | 39.53 | 44.53 | OK | |
r-release-linux-x86_64 | OK | |||||
r-release-macos-arm64 | 0.0.4 | 42.00 | OK | |||
r-release-macos-x86_64 | 0.0.4 | 61.00 | OK | |||
r-release-windows-x86_64 | 0.0.4 | 6.00 | 71.00 | 77.00 | OK | |
r-oldrel-macos-arm64 | 0.0.4 | 34.00 | OK | |||
r-oldrel-macos-x86_64 | 0.0.4 | 48.00 | OK | |||
r-oldrel-windows-x86_64 | 0.0.4 | 5.00 | 79.00 | 84.00 | OK |
Version: 0.0.4
Check: CRAN incoming feasibility
Result: NOTE
Maintainer: ‘Beatriz Cobo Rodríguez <beacr@ugr.es>’
No Authors@R field in DESCRIPTION.
Please add one, modifying
Authors@R: c(person(given = c("Beatriz", "Cobo"),
family = "Rodríguez",
role = c("aut", "cre"),
email = "beacr@ugr.es"),
person(given = c("María", "del", "Mar", "Rueda"),
family = "García",
role = "aut"),
person(given = c("Antonio", "Arcos"),
family = "Cebrián",
role = "aut"))
as necessary.
Flavors: r-devel-linux-x86_64-debian-clang, r-devel-linux-x86_64-debian-gcc