CRAN Package Check Results for Package RSA

Last updated on 2025-05-03 21:51:31 CEST.

Flavor Version Tinstall Tcheck Ttotal Status Flags
r-devel-linux-x86_64-debian-clang 0.10.6 13.79 85.82 99.61 NOTE
r-devel-linux-x86_64-debian-gcc 0.10.6 9.21 62.92 72.13 NOTE
r-devel-linux-x86_64-fedora-clang 0.10.6 153.06 OK
r-devel-linux-x86_64-fedora-gcc 0.10.6 158.96 OK
r-devel-windows-x86_64 0.10.6 13.00 91.00 104.00 NOTE
r-patched-linux-x86_64 0.10.6 11.68 82.16 93.84 NOTE
r-release-linux-x86_64 NOTE
r-release-macos-arm64 0.10.6 53.00 OK
r-release-macos-x86_64 0.10.6 87.00 OK
r-release-windows-x86_64 0.10.6 13.00 88.00 101.00 NOTE
r-oldrel-macos-arm64 0.10.6 54.00 OK
r-oldrel-macos-x86_64 0.10.6 73.00 OK
r-oldrel-windows-x86_64 0.10.6 16.00 106.00 122.00 OK

Check Details

Version: 0.10.6
Check: CRAN incoming feasibility
Result: NOTE Maintainer: ‘Felix Schönbrodt <felix@nicebread.de>’ Package CITATION file contains call(s) to old-style personList() or as.personList(). Please use c() on person objects instead. Package CITATION file contains call(s) to old-style citEntry(). Please use bibentry() instead. Flavors: r-devel-linux-x86_64-debian-clang, r-devel-linux-x86_64-debian-gcc

Version: 0.10.6
Check: Rd cross-references
Result: NOTE Found the following Rd file(s) with Rd \link{} targets missing package anchors: RSA.Rd: sem Please provide package anchors for all Rd \link{} targets not in the package itself and the base packages. Flavors: r-devel-linux-x86_64-debian-clang, r-devel-linux-x86_64-debian-gcc, r-devel-windows-x86_64, r-patched-linux-x86_64, r-release-linux-x86_64, r-release-windows-x86_64