Last updated on 2025-05-03 21:51:31 CEST.
Flavor | Version | Tinstall | Tcheck | Ttotal | Status | Flags |
---|---|---|---|---|---|---|
r-devel-linux-x86_64-debian-clang | 1.5 | 1.91 | 23.62 | 25.53 | NOTE | |
r-devel-linux-x86_64-debian-gcc | 1.5 | 1.45 | 19.65 | 21.10 | NOTE | |
r-devel-linux-x86_64-fedora-clang | 1.5 | 40.96 | OK | |||
r-devel-linux-x86_64-fedora-gcc | 1.5 | 53.90 | OK | |||
r-devel-windows-x86_64 | 1.5 | 3.00 | 51.00 | 54.00 | OK | |
r-patched-linux-x86_64 | 1.5 | 1.86 | 22.98 | 24.84 | OK | |
r-release-linux-x86_64 | OK | |||||
r-release-macos-arm64 | 1.5 | 31.00 | OK | |||
r-release-macos-x86_64 | 1.5 | 46.00 | OK | |||
r-release-windows-x86_64 | 1.5 | 4.00 | 51.00 | 55.00 | OK | |
r-oldrel-macos-arm64 | 1.5 | 23.00 | NOTE | |||
r-oldrel-macos-x86_64 | 1.5 | 37.00 | NOTE | |||
r-oldrel-windows-x86_64 | 1.5 | 4.00 | 53.00 | 57.00 | NOTE |
Version: 1.5
Check: CRAN incoming feasibility
Result: NOTE
Maintainer: ‘Subhasree Bose <subhasree10.7@gmail.com>’
No Authors@R field in DESCRIPTION.
Please add one, modifying
Authors@R: person(given = "Subhasree",
family = "Bose",
role = c("aut", "cre"),
email = "subhasree10.7@gmail.com")
as necessary.
Flavors: r-devel-linux-x86_64-debian-clang, r-devel-linux-x86_64-debian-gcc
Version: 1.5
Check: LazyData
Result: NOTE
'LazyData' is specified without a 'data' directory
Flavors: r-oldrel-macos-arm64, r-oldrel-macos-x86_64, r-oldrel-windows-x86_64