Last updated on 2024-06-17 06:50:30 CEST.
Flavor | Version | Tinstall | Tcheck | Ttotal | Status | Flags |
---|---|---|---|---|---|---|
r-devel-linux-x86_64-debian-clang | 0.2.1 | 3.08 | 51.90 | 54.98 | OK | |
r-devel-linux-x86_64-debian-gcc | 0.2.1 | 3.06 | 38.19 | 41.25 | OK | |
r-devel-linux-x86_64-fedora-clang | 0.2.1 | 72.45 | NOTE | |||
r-devel-linux-x86_64-fedora-gcc | 0.2.1 | 69.16 | NOTE | |||
r-devel-windows-x86_64 | 0.2.1 | 6.00 | 68.00 | 74.00 | OK | |
r-patched-linux-x86_64 | 0.2.1 | 3.57 | 50.09 | 53.66 | OK | |
r-release-linux-x86_64 | 0.2.1 | 3.17 | 48.38 | 51.55 | OK | |
r-release-macos-arm64 | 0.2.1 | 23.00 | OK | |||
r-release-macos-x86_64 | 0.2.1 | 33.00 | OK | |||
r-release-windows-x86_64 | 0.2.1 | 7.00 | 70.00 | 77.00 | OK | |
r-oldrel-macos-arm64 | 0.2.1 | 26.00 | OK | |||
r-oldrel-macos-x86_64 | 0.2.1 | 37.00 | OK | |||
r-oldrel-windows-x86_64 | 0.2.1 | 7.00 | 77.00 | 84.00 | OK |
Version: 0.2.1
Check: dependencies in R code
Result: NOTE
Namespace in Imports field not imported from: ‘mc2d’
All declared Imports should be used.
Flavors: r-devel-linux-x86_64-fedora-clang, r-devel-linux-x86_64-fedora-gcc