CRAN Package Check Results for Package RTCC

Last updated on 2025-05-03 21:51:31 CEST.

Flavor Version Tinstall Tcheck Ttotal Status Flags
r-devel-linux-x86_64-debian-clang 0.1.1 9.76 46.82 56.58 NOTE
r-devel-linux-x86_64-debian-gcc 0.1.1 7.17 34.65 41.82 NOTE
r-devel-linux-x86_64-fedora-clang 0.1.1 94.61 OK
r-devel-linux-x86_64-fedora-gcc 0.1.1 92.82 OK
r-devel-windows-x86_64 0.1.1 15.00 80.00 95.00 OK
r-patched-linux-x86_64 0.1.1 9.16 44.88 54.04 OK
r-release-linux-x86_64 OK
r-release-macos-arm64 0.1.1 37.00 OK
r-release-macos-x86_64 0.1.1 61.00 OK
r-release-windows-x86_64 0.1.1 15.00 77.00 92.00 OK
r-oldrel-macos-arm64 0.1.1 33.00 OK
r-oldrel-macos-x86_64 0.1.1 50.00 OK
r-oldrel-windows-x86_64 0.1.1 17.00 98.00 115.00 OK

Check Details

Version: 0.1.1
Check: CRAN incoming feasibility
Result: NOTE Maintainer: ‘Mateu Menendez-Serra <mateu.menendez@ceab.csic.es>’ No Authors@R field in DESCRIPTION. Please add one, modifying Authors@R: c(person(given = "Mateu", family = "Menendez-Serra", role = c("aut", "cre"), email = "mateu.menendez@ceab.csic.es"), person(given = c("Vicente", "J."), family = "Ontiveros", role = "aut"), person(given = c("Emilio", "O."), family = "Casamayor", role = "aut"), person(given = "David", family = "Alonso", role = "aut")) as necessary. Found the following URLs which should use \doi (with the DOI name only): File ‘RTCC.Rd’: https://doi.org/10.1038/s41396-019-0454-4 Flavors: r-devel-linux-x86_64-debian-clang, r-devel-linux-x86_64-debian-gcc