Last updated on 2025-05-03 12:54:54 CEST.
Flavor | Version | Tinstall | Tcheck | Ttotal | Status | Flags |
---|---|---|---|---|---|---|
r-devel-linux-x86_64-debian-clang | 0.1.3 | 4.07 | 28.75 | 32.82 | NOTE | |
r-devel-linux-x86_64-debian-gcc | 0.1.3 | 2.38 | 23.30 | 25.68 | NOTE | |
r-devel-linux-x86_64-fedora-clang | 0.1.3 | 52.84 | NOTE | |||
r-devel-linux-x86_64-fedora-gcc | 0.1.3 | 63.77 | NOTE | |||
r-devel-windows-x86_64 | 0.1.3 | 5.00 | 49.00 | 54.00 | NOTE | |
r-patched-linux-x86_64 | 0.1.3 | 3.57 | 27.83 | 31.40 | NOTE | |
r-release-linux-x86_64 | NOTE | |||||
r-release-macos-arm64 | 0.1.3 | 30.00 | NOTE | |||
r-release-macos-x86_64 | 0.1.3 | 49.00 | NOTE | |||
r-release-windows-x86_64 | 0.1.3 | 5.00 | 49.00 | 54.00 | NOTE | |
r-oldrel-macos-arm64 | 0.1.3 | 26.00 | NOTE | |||
r-oldrel-macos-x86_64 | 0.1.3 | 38.00 | NOTE | |||
r-oldrel-windows-x86_64 | 0.1.3 | 7.00 | 55.00 | 62.00 | NOTE |
Version: 0.1.3
Check: package subdirectories
Result: NOTE
Problems with news in ‘NEWS.md’:
No news entries found.
Flavors: r-devel-linux-x86_64-debian-clang, r-devel-linux-x86_64-debian-gcc, r-devel-linux-x86_64-fedora-clang, r-devel-linux-x86_64-fedora-gcc, r-devel-windows-x86_64, r-patched-linux-x86_64, r-release-linux-x86_64, r-release-macos-arm64, r-release-macos-x86_64, r-release-windows-x86_64, r-oldrel-macos-arm64, r-oldrel-macos-x86_64, r-oldrel-windows-x86_64