Last updated on 2025-05-03 21:51:29 CEST.
Flavor | Version | Tinstall | Tcheck | Ttotal | Status | Flags |
---|---|---|---|---|---|---|
r-devel-linux-x86_64-debian-clang | 3.0.0 | 23.87 | 335.94 | 359.81 | NOTE | |
r-devel-linux-x86_64-debian-gcc | 3.0.0 | 17.07 | 226.44 | 243.51 | NOTE | |
r-devel-linux-x86_64-fedora-clang | 3.0.0 | 571.47 | OK | |||
r-devel-linux-x86_64-fedora-gcc | 3.0.0 | 604.38 | OK | |||
r-devel-windows-x86_64 | 3.0.0 | 23.00 | 295.00 | 318.00 | OK | |
r-patched-linux-x86_64 | 3.0.0 | 23.12 | 316.41 | 339.53 | OK | |
r-release-linux-x86_64 | OK | |||||
r-release-macos-arm64 | 3.0.0 | 109.00 | OK | |||
r-release-macos-x86_64 | 3.0.0 | 243.00 | OK | |||
r-release-windows-x86_64 | 3.0.0 | 22.00 | 275.00 | 297.00 | OK | |
r-oldrel-macos-arm64 | 3.0.0 | 110.00 | NOTE | |||
r-oldrel-macos-x86_64 | 3.0.0 | 187.00 | NOTE | |||
r-oldrel-windows-x86_64 | 3.0.0 | 32.00 | 350.00 | 382.00 | OK |
Version: 3.0.0
Check: CRAN incoming feasibility
Result: NOTE
Maintainer: ‘Ye Tian <ye.t@columbia.edu>’
No Authors@R field in DESCRIPTION.
Please add one, modifying
Authors@R: c(person(given = "Ye",
family = "Tian",
role = c("aut", "cre"),
email = "ye.t@columbia.edu"),
person(given = "Yang",
family = "Feng",
role = "aut"))
as necessary.
Flavors: r-devel-linux-x86_64-debian-clang, r-devel-linux-x86_64-debian-gcc
Version: 3.0.0
Check: installed package size
Result: NOTE
installed size is 5.2Mb
sub-directories of 1Mb or more:
data 4.5Mb
Flavors: r-oldrel-macos-arm64, r-oldrel-macos-x86_64