CRAN Package Check Results for Package RadioSonde

Last updated on 2025-05-06 21:52:15 CEST.

Flavor Version Tinstall Tcheck Ttotal Status Flags
r-devel-linux-x86_64-debian-clang 4.2 5.23 42.71 47.94 NOTE
r-devel-linux-x86_64-debian-gcc 4.2 3.75 31.26 35.01 NOTE
r-devel-linux-x86_64-fedora-clang 4.2 75.26 OK
r-devel-linux-x86_64-fedora-gcc 4.2 73.80 OK
r-devel-windows-x86_64 4.2 7.00 56.00 63.00 OK
r-patched-linux-x86_64 4.2 5.42 40.82 46.24 OK
r-release-linux-x86_64 4.2 4.85 40.97 45.82 OK
r-release-macos-arm64 4.2 26.00 OK
r-release-macos-x86_64 4.2 46.00 OK
r-release-windows-x86_64 4.2 6.00 57.00 63.00 OK
r-oldrel-macos-arm64 4.2 23.00 OK
r-oldrel-macos-x86_64 4.2 36.00 OK
r-oldrel-windows-x86_64 4.2 8.00 68.00 76.00 OK

Check Details

Version: 4.2
Check: CRAN incoming feasibility
Result: NOTE Maintainer: ‘Doug Nychka <nychka@mines.edu>’ No Authors@R field in DESCRIPTION. Please add one, modifying Authors@R: c(person(given = "Doug", family = "Nychka", role = c("aut", "cre"), email = "nychka@mines.edu"), person(given = "Eric", family = "Gilleland", role = "aut"), person(given = "Liangying", family = "Zhang", role = "aut"), person(given = "Tim", family = "Hoar", role = "aut"), person(given = "Kate", family = "Young", role = "aut")) as necessary. Flavors: r-devel-linux-x86_64-debian-clang, r-devel-linux-x86_64-debian-gcc