Last updated on 2025-05-03 12:54:52 CEST.
Flavor | Version | Tinstall | Tcheck | Ttotal | Status | Flags |
---|---|---|---|---|---|---|
r-devel-linux-x86_64-debian-clang | 1.4 | 5.82 | 47.57 | 53.39 | NOTE | |
r-devel-linux-x86_64-debian-gcc | 1.4 | 3.90 | 35.13 | 39.03 | NOTE | |
r-devel-linux-x86_64-fedora-clang | 1.4 | 73.74 | OK | |||
r-devel-linux-x86_64-fedora-gcc | 1.4 | 80.66 | OK | |||
r-devel-windows-x86_64 | 1.4 | 7.00 | 63.00 | 70.00 | OK | |
r-patched-linux-x86_64 | 1.4 | 5.79 | 45.65 | 51.44 | OK | |
r-release-linux-x86_64 | OK | |||||
r-release-macos-arm64 | 1.4 | 25.00 | OK | |||
r-release-macos-x86_64 | 1.4 | 61.00 | OK | |||
r-release-windows-x86_64 | 1.4 | 8.00 | 62.00 | 70.00 | OK | |
r-oldrel-macos-arm64 | 1.4 | 28.00 | OK | |||
r-oldrel-macos-x86_64 | 1.4 | 40.00 | OK | |||
r-oldrel-windows-x86_64 | 1.4 | 8.00 | 79.00 | 87.00 | OK |
Version: 1.4
Check: CRAN incoming feasibility
Result: NOTE
Maintainer: ‘Alicja Wolny-Dominiak <alicja.wolny-dominiak@ue.katowice.pl>’
No Authors@R field in DESCRIPTION.
Please add one, modifying
Authors@R: c(person(given = c("Waldemar", "W."),
family = "Koczkodaj",
role = "aut"),
person(given = "Feng",
family = "Li",
role = "aut"),
person(given = "Alicja",
family = "Wolny-Dominiak",
role = c("aut", "cre"),
email = "alicja.wolny-dominiak@ue.katowice.pl"))
as necessary.
Flavors: r-devel-linux-x86_64-debian-clang, r-devel-linux-x86_64-debian-gcc