Last updated on 2025-05-03 21:51:29 CEST.
Flavor | Version | Tinstall | Tcheck | Ttotal | Status | Flags |
---|---|---|---|---|---|---|
r-devel-linux-x86_64-debian-clang | 0.3-11 | 189.49 | 33.74 | 223.23 | OK | |
r-devel-linux-x86_64-debian-gcc | 0.3-11 | 132.37 | 26.64 | 159.01 | OK | |
r-devel-linux-x86_64-fedora-clang | 0.3-11 | 487.10 | OK | |||
r-devel-linux-x86_64-fedora-gcc | 0.3-11 | 505.12 | OK | |||
r-devel-windows-x86_64 | 0.3-11 | 204.00 | 91.00 | 295.00 | OK | |
r-patched-linux-x86_64 | 0.3-11 | 182.73 | 32.14 | 214.87 | OK | |
r-release-linux-x86_64 | OK | |||||
r-release-macos-arm64 | 0.3-11 | 90.00 | OK | |||
r-release-macos-x86_64 | 0.3-11 | 99.00 | OK | |||
r-release-windows-x86_64 | 0.3-11 | 208.00 | 87.00 | 295.00 | OK | |
r-oldrel-macos-arm64 | 0.3-11 | 94.00 | NOTE | |||
r-oldrel-macos-x86_64 | 0.3-11 | 139.00 | NOTE | |||
r-oldrel-windows-x86_64 | 0.3-11 | 196.00 | 102.00 | 298.00 | OK |
Version: 0.3-11
Check: installed package size
Result: NOTE
installed size is 14.3Mb
sub-directories of 1Mb or more:
libs 14.0Mb
Flavors: r-oldrel-macos-arm64, r-oldrel-macos-x86_64