Last updated on 2024-06-17 06:50:28 CEST.
Flavor | Version | Tinstall | Tcheck | Ttotal | Status | Flags |
---|---|---|---|---|---|---|
r-devel-linux-x86_64-debian-clang | 0.3-7 | 305.06 | 45.62 | 350.68 | OK | |
r-devel-linux-x86_64-debian-gcc | 0.3-7 | 209.91 | 36.58 | 246.49 | OK | |
r-devel-linux-x86_64-fedora-clang | 0.3-7 | 583.23 | OK | |||
r-devel-linux-x86_64-fedora-gcc | 0.3-7 | 554.99 | OK | |||
r-devel-windows-x86_64 | 0.3-7 | 227.00 | 98.00 | 325.00 | OK | |
r-patched-linux-x86_64 | 0.3-7 | 261.47 | 46.44 | 307.91 | OK | |
r-release-linux-x86_64 | 0.3-7 | 268.06 | 46.35 | 314.41 | OK | |
r-release-macos-arm64 | 0.3-7 | 90.00 | NOTE | |||
r-release-macos-x86_64 | 0.3-7 | 87.00 | NOTE | |||
r-release-windows-x86_64 | 0.3-7 | 232.00 | 93.00 | 325.00 | OK | |
r-oldrel-macos-arm64 | 0.3-7 | 101.00 | NOTE | |||
r-oldrel-macos-x86_64 | 0.3-7 | 136.00 | NOTE | |||
r-oldrel-windows-x86_64 | 0.3-7 | 223.00 | 103.00 | 326.00 | OK |
Version: 0.3-7
Check: installed package size
Result: NOTE
installed size is 14.0Mb
sub-directories of 1Mb or more:
libs 13.8Mb
Flavors: r-release-macos-arm64, r-release-macos-x86_64, r-oldrel-macos-arm64, r-oldrel-macos-x86_64