Last updated on 2025-05-06 03:51:12 CEST.
Flavor | Version | Tinstall | Tcheck | Ttotal | Status | Flags |
---|---|---|---|---|---|---|
r-devel-linux-x86_64-debian-clang | 1.4 | 15.71 | 136.65 | 152.36 | NOTE | |
r-devel-linux-x86_64-debian-gcc | 1.4 | 11.77 | 99.77 | 111.54 | NOTE | |
r-devel-linux-x86_64-fedora-clang | 1.4 | 260.95 | OK | |||
r-devel-linux-x86_64-fedora-gcc | 1.4 | 244.00 | OK | |||
r-devel-windows-x86_64 | 1.4 | 21.00 | 245.00 | 266.00 | OK | |
r-patched-linux-x86_64 | 1.4 | 13.97 | 128.76 | 142.73 | OK | |
r-release-linux-x86_64 | 1.4 | 14.65 | 127.36 | 142.01 | OK | |
r-release-macos-arm64 | 1.4 | 72.00 | OK | |||
r-release-macos-x86_64 | 1.4 | 135.00 | OK | |||
r-release-windows-x86_64 | 1.4 | 22.00 | 198.00 | 220.00 | OK | |
r-oldrel-macos-arm64 | 1.4 | 69.00 | OK | |||
r-oldrel-macos-x86_64 | 1.4 | 101.00 | OK | |||
r-oldrel-windows-x86_64 | 1.4 | 24.00 | 169.00 | 193.00 | OK |
Version: 1.4
Check: CRAN incoming feasibility
Result: NOTE
Maintainer: ‘Aurora Torrente <etorrent@est-econ.uc3m.es>’
No Authors@R field in DESCRIPTION.
Please add one, modifying
Authors@R: c(person(given = "Sara",
family = "Lopez-Pintado",
role = "aut",
email = "sl2929@columbia.edu"),
person(given = "Aurora",
family = "Torrente.",
role = "aut",
email = "etorrent@est-econ.uc3m.es"),
person(given = "Aurora",
family = "Torrente",
role = "cre",
email = "etorrent@est-econ.uc3m.es"))
as necessary.
Flavors: r-devel-linux-x86_64-debian-clang, r-devel-linux-x86_64-debian-gcc