Last updated on 2025-10-02 06:49:55 CEST.
Flavor | Version | Tinstall | Tcheck | Ttotal | Status | Flags |
---|---|---|---|---|---|---|
r-devel-linux-x86_64-debian-clang | 0.2.7 | 70.07 | 70.02 | 140.09 | OK | |
r-devel-linux-x86_64-debian-gcc | 0.2.7 | 53.83 | 46.11 | 99.94 | OK | |
r-devel-linux-x86_64-fedora-clang | 0.2.7 | 233.73 | OK | |||
r-devel-linux-x86_64-fedora-gcc | 0.2.7 | 250.84 | OK | |||
r-devel-windows-x86_64 | 0.2.7 | 81.00 | 121.00 | 202.00 | OK | |
r-patched-linux-x86_64 | 0.2.7 | 75.61 | 66.42 | 142.03 | OK | |
r-release-linux-x86_64 | 0.2.7 | 75.15 | 66.18 | 141.33 | OK | |
r-release-macos-arm64 | 0.2.7 | 58.00 | OK | |||
r-release-macos-x86_64 | 0.2.7 | 80.00 | OK | |||
r-release-windows-x86_64 | 0.2.7 | 83.00 | 112.00 | 195.00 | OK | |
r-oldrel-macos-arm64 | 0.2.7 | 68.00 | NOTE | |||
r-oldrel-macos-x86_64 | 0.2.7 | 105.00 | NOTE | |||
r-oldrel-windows-x86_64 | 0.2.7 | 79.00 | 153.00 | 232.00 | OK |
Version: 0.2.7
Check: installed package size
Result: NOTE
installed size is 9.6Mb
sub-directories of 1Mb or more:
libs 9.4Mb
Flavors: r-oldrel-macos-arm64, r-oldrel-macos-x86_64