CRAN Package Check Results for Package RcppCWB

Last updated on 2025-05-03 12:54:52 CEST.

Flavor Version Tinstall Tcheck Ttotal Status Flags
r-devel-linux-x86_64-debian-clang 0.6.7 45.21 55.29 100.50 OK
r-devel-linux-x86_64-debian-gcc 0.6.7 35.47 41.15 76.62 OK
r-devel-linux-x86_64-fedora-clang 0.6.7 157.10 NOTE
r-devel-linux-x86_64-fedora-gcc 0.6.7 219.21 OK
r-devel-windows-x86_64 0.6.7 133.00 168.00 301.00 OK
r-patched-linux-x86_64 0.6.7 48.49 52.71 101.20 OK
r-release-linux-x86_64 OK
r-release-macos-arm64 0.6.7 84.00 OK
r-release-macos-x86_64 0.6.7 156.00 OK
r-release-windows-x86_64 0.6.7 136.00 149.00 285.00 OK
r-oldrel-macos-arm64 0.6.7 81.00 NOTE
r-oldrel-macos-x86_64 0.6.7 169.00 NOTE
r-oldrel-windows-x86_64 0.6.7 131.00 132.00 263.00 NOTE

Check Details

Version: 0.6.7
Check: compiled code
Result: NOTE File ‘RcppCWB/libs/RcppCWB.so’: Found ‘stderr’, possibly from ‘stderr’ (C) Objects: ‘cwb/cl/libcl.a’, ‘cwb/cqp/libcqp.a’ Found ‘stdout’, possibly from ‘stdout’ (C) Object: ‘cwb/cqp/libcqp.a’ Compiled code should not call entry points which might terminate R nor write to stdout/stderr instead of to the console, nor use Fortran I/O nor system RNGs nor [v]sprintf. See ‘Writing portable packages’ in the ‘Writing R Extensions’ manual. Flavor: r-devel-linux-x86_64-fedora-clang

Version: 0.6.7
Check: installed package size
Result: NOTE installed size is 7.6Mb sub-directories of 1Mb or more: libs 6.2Mb Flavors: r-oldrel-macos-arm64, r-oldrel-macos-x86_64, r-oldrel-windows-x86_64

Version: 0.6.7
Check: for GNU extensions in Makefiles
Result: NOTE GNU make is a SystemRequirements. Flavors: r-oldrel-macos-arm64, r-oldrel-macos-x86_64, r-oldrel-windows-x86_64