Last updated on 2025-05-06 03:51:13 CEST.
Flavor | Version | Tinstall | Tcheck | Ttotal | Status | Flags |
---|---|---|---|---|---|---|
r-devel-linux-x86_64-debian-clang | 1.2.2 | 67.77 | 26.71 | 94.48 | NOTE | |
r-devel-linux-x86_64-debian-gcc | 1.2.2 | 44.53 | 20.62 | 65.15 | NOTE | |
r-devel-linux-x86_64-fedora-clang | 1.2.2 | 172.89 | NOTE | |||
r-devel-linux-x86_64-fedora-gcc | 1.2.2 | 195.36 | NOTE | |||
r-devel-windows-x86_64 | 1.2.2 | 73.00 | 77.00 | 150.00 | NOTE | |
r-patched-linux-x86_64 | 1.2.2 | 62.47 | 25.32 | 87.79 | NOTE | |
r-release-linux-x86_64 | 1.2.2 | 60.08 | 25.55 | 85.63 | NOTE | |
r-release-macos-arm64 | 1.2.2 | 44.00 | NOTE | |||
r-release-macos-x86_64 | 1.2.2 | 63.00 | NOTE | |||
r-release-windows-x86_64 | 1.2.2 | 73.00 | 79.00 | 152.00 | NOTE | |
r-oldrel-macos-arm64 | 1.2.2 | 40.00 | NOTE | |||
r-oldrel-macos-x86_64 | 1.2.2 | 50.00 | NOTE | |||
r-oldrel-windows-x86_64 | 1.2.2 | 84.00 | 87.00 | 171.00 | NOTE |
Version: 1.2.2
Check: CRAN incoming feasibility
Result: NOTE
Maintainer: ‘Roberto A. Cardenas-Ovando <robalecarova@gmail.com>’
No Authors@R field in DESCRIPTION.
Please add one, modifying
Authors@R: c(person(given = c("Roberto", "A."),
family = "Cardenas-Ovando",
role = c("aut", "cre"),
email = "robalecarova@gmail.com"),
person(given = "Julieta",
family = "Noguez",
role = "aut"),
person(given = "Claudia",
family = "Rangel-Escareno",
role = "aut"))
as necessary.
Flavors: r-devel-linux-x86_64-debian-clang, r-devel-linux-x86_64-debian-gcc
Version: 1.2.2
Check: C++ specification
Result: NOTE
Specified C++11: please drop specification unless essential
Flavors: r-devel-linux-x86_64-debian-clang, r-devel-linux-x86_64-debian-gcc, r-devel-linux-x86_64-fedora-clang, r-devel-linux-x86_64-fedora-gcc, r-devel-windows-x86_64, r-patched-linux-x86_64, r-release-linux-x86_64, r-release-macos-arm64, r-release-macos-x86_64, r-release-windows-x86_64, r-oldrel-macos-arm64, r-oldrel-macos-x86_64, r-oldrel-windows-x86_64