Last updated on 2025-07-28 12:50:15 CEST.
Flavor | Version | Tinstall | Tcheck | Ttotal | Status | Flags |
---|---|---|---|---|---|---|
r-devel-linux-x86_64-debian-clang | 0.6.0 | 24.38 | 42.96 | 67.34 | OK | |
r-devel-linux-x86_64-debian-gcc | 0.6.0 | 21.60 | 30.14 | 51.74 | OK | |
r-devel-linux-x86_64-fedora-clang | 0.6.0 | 112.73 | OK | |||
r-devel-linux-x86_64-fedora-gcc | 0.6.0 | 118.31 | OK | |||
r-devel-windows-x86_64 | 0.6.0 | 30.00 | 94.00 | 124.00 | OK | |
r-patched-linux-x86_64 | 0.6.0 | 30.47 | 40.38 | 70.85 | OK | |
r-release-linux-x86_64 | 0.6.0 | 29.52 | 40.72 | 70.24 | OK | |
r-release-macos-arm64 | 0.6.0 | 36.00 | OK | |||
r-release-macos-x86_64 | 0.6.0 | 69.00 | OK | |||
r-release-windows-x86_64 | 0.6.0 | 33.00 | 123.00 | 156.00 | OK | |
r-oldrel-macos-arm64 | 0.6.0 | 38.00 | NOTE | |||
r-oldrel-macos-x86_64 | 0.6.0 | 52.00 | NOTE | |||
r-oldrel-windows-x86_64 | 0.6.0 | 35.00 | 130.00 | 165.00 | OK |
Version: 0.6.0
Check: installed package size
Result: NOTE
installed size is 6.6Mb
sub-directories of 1Mb or more:
libs 6.4Mb
Flavors: r-oldrel-macos-arm64, r-oldrel-macos-x86_64