Last updated on 2025-05-06 21:52:20 CEST.
Flavor | Version | Tinstall | Tcheck | Ttotal | Status | Flags |
---|---|---|---|---|---|---|
r-devel-linux-x86_64-debian-clang | 0.1.0 | 1.76 | 17.45 | 19.21 | OK | |
r-devel-linux-x86_64-debian-gcc | 0.1.0 | 1.33 | 14.29 | 15.62 | OK | |
r-devel-linux-x86_64-fedora-clang | 0.1.0 | 29.62 | NOTE | |||
r-devel-linux-x86_64-fedora-gcc | 0.1.0 | 29.62 | NOTE | |||
r-devel-windows-x86_64 | 0.1.0 | 2.00 | 44.00 | 46.00 | OK | |
r-patched-linux-x86_64 | 0.1.0 | 1.64 | 17.20 | 18.84 | OK | |
r-release-linux-x86_64 | 0.1.0 | 1.63 | 17.01 | 18.64 | OK | |
r-release-macos-arm64 | 0.1.0 | 13.00 | OK | |||
r-release-macos-x86_64 | 0.1.0 | 23.00 | OK | |||
r-release-windows-x86_64 | 0.1.0 | 2.00 | 40.00 | 42.00 | OK | |
r-oldrel-macos-arm64 | 0.1.0 | 12.00 | OK | |||
r-oldrel-macos-x86_64 | 0.1.0 | 18.00 | OK | |||
r-oldrel-windows-x86_64 | 0.1.0 | 3.00 | 39.00 | 42.00 | OK |
Version: 0.1.0
Check: dependencies in R code
Result: NOTE
Namespace in Imports field not imported from: ‘MASS’
All declared Imports should be used.
Flavors: r-devel-linux-x86_64-fedora-clang, r-devel-linux-x86_64-fedora-gcc