CRAN Package Check Results for Package RevEcoR

Last updated on 2025-05-03 21:51:30 CEST.

Flavor Version Tinstall Tcheck Ttotal Status Flags
r-devel-linux-x86_64-debian-clang 0.99.3 9.57 74.14 83.71 NOTE
r-devel-linux-x86_64-debian-gcc 0.99.3 8.57 56.66 65.23 NOTE
r-devel-linux-x86_64-fedora-clang 0.99.3 132.16 OK
r-devel-linux-x86_64-fedora-gcc 0.99.3 164.64 OK
r-devel-windows-x86_64 0.99.3 12.00 87.00 99.00 OK
r-patched-linux-x86_64 0.99.3 10.15 71.02 81.17 OK
r-release-linux-x86_64 OK
r-release-macos-arm64 0.99.3 64.00 OK
r-release-macos-x86_64 0.99.3 101.00 OK
r-release-windows-x86_64 0.99.3 11.00 87.00 98.00 OK
r-oldrel-macos-arm64 0.99.3 51.00 OK
r-oldrel-macos-x86_64 0.99.3 76.00 OK
r-oldrel-windows-x86_64 0.99.3 16.00 106.00 122.00 OK

Check Details

Version: 0.99.3
Check: CRAN incoming feasibility
Result: NOTE Maintainer: ‘Yang Cao <yiluheihei@gmail.com>’ No Authors@R field in DESCRIPTION. Please add one, modifying Authors@R: c(person(given = "Yang", family = "Cao", role = c("aut", "cre"), email = "yiluheihei@gmail.com"), person(given = "Fei", family = "Li", role = "aut")) as necessary. Found the following (possibly) invalid file URIs: URI: img.jgi.doe.gov/ From: man/anno.species.Rd URI: img.jgi.doe.gov/ From: man/gut_microbiome.Rd Flavors: r-devel-linux-x86_64-debian-clang, r-devel-linux-x86_64-debian-gcc