CRAN Package Check Results for Package Rfolding

Last updated on 2025-05-03 21:51:30 CEST.

Flavor Version Tinstall Tcheck Ttotal Status Flags
r-devel-linux-x86_64-debian-clang 1.0 1.55 21.96 23.51 OK
r-devel-linux-x86_64-debian-gcc 1.0 1.44 18.30 19.74 OK
r-devel-linux-x86_64-fedora-clang 1.0 37.78 OK
r-devel-linux-x86_64-fedora-gcc 1.0 50.57 OK
r-devel-windows-x86_64 1.0 2.00 44.00 46.00 OK
r-patched-linux-x86_64 1.0 1.36 21.11 22.47 OK
r-release-linux-x86_64 OK
r-release-macos-arm64 1.0 33.00 OK
r-release-macos-x86_64 1.0 43.00 OK
r-release-windows-x86_64 1.0 4.00 44.00 48.00 OK
r-oldrel-macos-arm64 1.0 22.00 NOTE
r-oldrel-macos-x86_64 1.0 31.00 NOTE
r-oldrel-windows-x86_64 1.0 3.00 48.00 51.00 NOTE

Check Details

Version: 1.0
Check: LazyData
Result: NOTE 'LazyData' is specified without a 'data' directory Flavors: r-oldrel-macos-arm64, r-oldrel-macos-x86_64, r-oldrel-windows-x86_64