CRAN Package Check Results for Package Rlinsolve

Last updated on 2025-05-03 21:51:30 CEST.

Flavor Version Tinstall Tcheck Ttotal Status Flags
r-devel-linux-x86_64-debian-clang 0.3.2 210.14 66.43 276.57 NOTE
r-devel-linux-x86_64-debian-gcc 0.3.2 160.13 49.23 209.36 NOTE
r-devel-linux-x86_64-fedora-clang 0.3.2 485.08 NOTE
r-devel-linux-x86_64-fedora-gcc 0.3.2 614.81 NOTE
r-devel-windows-x86_64 0.3.2 229.00 104.00 333.00 NOTE
r-patched-linux-x86_64 0.3.2 222.54 63.27 285.81 NOTE
r-release-linux-x86_64 NOTE
r-release-macos-arm64 0.3.2 113.00 NOTE
r-release-macos-x86_64 0.3.2 148.00 NOTE
r-release-windows-x86_64 0.3.2 228.00 104.00 332.00 NOTE
r-oldrel-macos-arm64 0.3.2 112.00 NOTE
r-oldrel-macos-x86_64 0.3.2 109.00 NOTE
r-oldrel-windows-x86_64 0.3.2 266.00 125.00 391.00 NOTE

Check Details

Version: 0.3.2
Check: C++ specification
Result: NOTE Specified C++11: please drop specification unless essential Flavors: r-devel-linux-x86_64-debian-clang, r-devel-linux-x86_64-debian-gcc, r-devel-linux-x86_64-fedora-clang, r-devel-linux-x86_64-fedora-gcc, r-devel-windows-x86_64, r-patched-linux-x86_64, r-release-linux-x86_64, r-release-macos-arm64, r-release-macos-x86_64, r-release-windows-x86_64, r-oldrel-macos-arm64, r-oldrel-macos-x86_64, r-oldrel-windows-x86_64

Version: 0.3.2
Check: Rd files
Result: NOTE checkRd: (-1) basic_GS.Rd:42: Lost braces; missing escapes or markup? 42 | \eqn{L} and {U} are strictly lower/upper triangular matrix respectively. | ^ checkRd: (-1) basic_SOR.Rd:45: Lost braces; missing escapes or markup? 45 | \eqn{L} and {U} are strictly lower/upper triangular matrix respectively. | ^ checkRd: (-1) basic_SSOR.Rd:45: Lost braces; missing escapes or markup? 45 | \eqn{L} and {U} are strictly lower/upper triangular matrix respectively. | ^ Flavors: r-devel-linux-x86_64-debian-clang, r-devel-linux-x86_64-debian-gcc, r-devel-linux-x86_64-fedora-clang, r-devel-linux-x86_64-fedora-gcc, r-devel-windows-x86_64, r-patched-linux-x86_64, r-release-linux-x86_64, r-release-macos-arm64, r-release-macos-x86_64, r-release-windows-x86_64, r-oldrel-macos-arm64, r-oldrel-macos-x86_64, r-oldrel-windows-x86_64

Version: 0.3.2
Check: installed package size
Result: NOTE installed size is 12.5Mb sub-directories of 1Mb or more: libs 12.3Mb Flavors: r-oldrel-macos-arm64, r-oldrel-macos-x86_64