Last updated on 2025-11-15 12:49:46 CET.
| Flavor | Version | Tinstall | Tcheck | Ttotal | Status | Flags |
|---|---|---|---|---|---|---|
| r-devel-linux-x86_64-debian-clang | 0.0.3 | 5.98 | 56.56 | 62.54 | OK | |
| r-devel-linux-x86_64-debian-gcc | 0.0.3 | 4.25 | 42.87 | 47.12 | OK | |
| r-devel-linux-x86_64-fedora-clang | 0.0.3 | 14.00 | 83.59 | 97.59 | NOTE | |
| r-devel-linux-x86_64-fedora-gcc | 0.0.3 | 14.00 | 80.10 | 94.10 | NOTE | |
| r-devel-windows-x86_64 | 0.0.3 | 11.00 | 67.00 | 78.00 | OK | |
| r-patched-linux-x86_64 | 0.0.3 | 6.21 | 53.70 | 59.91 | OK | |
| r-release-linux-x86_64 | 0.0.3 | 5.95 | 54.66 | 60.61 | OK | |
| r-release-macos-arm64 | 0.0.3 | 3.00 | 21.00 | 24.00 | OK | |
| r-release-macos-x86_64 | 0.0.3 | 15.00 | 82.00 | 97.00 | OK | |
| r-release-windows-x86_64 | 0.0.3 | 8.00 | 64.00 | 72.00 | OK | |
| r-oldrel-macos-arm64 | 0.0.3 | 3.00 | 22.00 | 25.00 | OK | |
| r-oldrel-macos-x86_64 | 0.0.3 | 7.00 | 63.00 | 70.00 | OK | |
| r-oldrel-windows-x86_64 | 0.0.3 | 11.00 | 79.00 | 90.00 | OK |
Version: 0.0.3
Check: dependencies in R code
Result: NOTE
Namespace in Imports field not imported from: ‘reshape2’
All declared Imports should be used.
Flavors: r-devel-linux-x86_64-fedora-clang, r-devel-linux-x86_64-fedora-gcc