Last updated on 2025-05-03 21:51:30 CEST.
Flavor | Version | Tinstall | Tcheck | Ttotal | Status | Flags |
---|---|---|---|---|---|---|
r-devel-linux-x86_64-debian-clang | 1.2.1 | 7.33 | 54.21 | 61.54 | NOTE | |
r-devel-linux-x86_64-debian-gcc | 1.2.1 | 5.30 | 42.83 | 48.13 | NOTE | |
r-devel-linux-x86_64-fedora-clang | 1.2.1 | 109.81 | OK | |||
r-devel-linux-x86_64-fedora-gcc | 1.2.1 | 98.76 | OK | |||
r-devel-windows-x86_64 | 1.2.1 | 9.00 | 76.00 | 85.00 | OK | |
r-patched-linux-x86_64 | 1.2.1 | 6.65 | 52.48 | 59.13 | OK | |
r-release-linux-x86_64 | OK | |||||
r-release-macos-arm64 | 1.2.1 | 36.00 | OK | |||
r-release-macos-x86_64 | 1.2.1 | 58.00 | OK | |||
r-release-windows-x86_64 | 1.2.1 | 10.00 | 75.00 | 85.00 | OK | |
r-oldrel-macos-arm64 | 1.2.1 | 29.00 | OK | |||
r-oldrel-macos-x86_64 | 1.2.1 | 42.00 | OK | |||
r-oldrel-windows-x86_64 | 1.2.1 | 11.00 | 86.00 | 97.00 | OK |
Version: 1.2.1
Check: CRAN incoming feasibility
Result: NOTE
Maintainer: ‘Jeffrey R. Webber <jwebber@geo.umass.edu>’
No Authors@R field in DESCRIPTION.
Please add one, modifying
Authors@R: person(given = c("Jeffrey", "R."),
family = "Webber",
role = c("aut", "cre"),
email = "jwebber@geo.umass.edu")
as necessary.
Flavors: r-devel-linux-x86_64-debian-clang, r-devel-linux-x86_64-debian-gcc