Last updated on 2025-05-06 06:50:06 CEST.
Flavor | Version | Tinstall | Tcheck | Ttotal | Status | Flags |
---|---|---|---|---|---|---|
r-devel-linux-x86_64-debian-clang | 1.0 | 1.50 | 17.57 | 19.07 | NOTE | |
r-devel-linux-x86_64-debian-gcc | 1.0 | 1.34 | 15.14 | 16.48 | NOTE | |
r-devel-linux-x86_64-fedora-clang | 1.0 | 27.65 | OK | |||
r-devel-linux-x86_64-fedora-gcc | 1.0 | 26.62 | OK | |||
r-devel-windows-x86_64 | 1.0 | 3.00 | 36.00 | 39.00 | OK | |
r-patched-linux-x86_64 | 1.0 | 1.62 | 15.89 | 17.51 | OK | |
r-release-linux-x86_64 | 1.0 | 1.56 | 15.62 | 17.18 | OK | |
r-release-macos-arm64 | 1.0 | 15.00 | OK | |||
r-release-macos-x86_64 | 1.0 | 21.00 | OK | |||
r-release-windows-x86_64 | 1.0 | 3.00 | 38.00 | 41.00 | OK | |
r-oldrel-macos-arm64 | 1.0 | 14.00 | OK | |||
r-oldrel-macos-x86_64 | 1.0 | 19.00 | OK | |||
r-oldrel-windows-x86_64 | 1.0 | 3.00 | 36.00 | 39.00 | OK |
Version: 1.0
Check: CRAN incoming feasibility
Result: NOTE
Maintainer: ‘David Zarruk Valencia <davidzarruk@gmail.com>’
No Authors@R field in DESCRIPTION.
Please add one, modifying
Authors@R: c(person(given = c("David", "Zarruk", "Valencia", "&", "Rodrigo", "Azuero"),
family = "Melo",
role = "aut"),
person(given = c("David", "Zarruk"),
family = "Valencia",
role = "cre",
email = "davidzarruk@gmail.com"))
as necessary.
Flavors: r-devel-linux-x86_64-debian-clang, r-devel-linux-x86_64-debian-gcc