Last updated on 2025-05-03 21:51:31 CEST.
Flavor | Version | Tinstall | Tcheck | Ttotal | Status | Flags |
---|---|---|---|---|---|---|
r-devel-linux-x86_64-debian-clang | 0.1.0 | 1.92 | 32.14 | 34.06 | NOTE | |
r-devel-linux-x86_64-debian-gcc | 0.1.0 | 1.53 | 25.94 | 27.47 | NOTE | |
r-devel-linux-x86_64-fedora-clang | 0.1.0 | 51.51 | OK | |||
r-devel-linux-x86_64-fedora-gcc | 0.1.0 | 64.84 | OK | |||
r-devel-windows-x86_64 | 0.1.0 | 3.00 | 54.00 | 57.00 | OK | |
r-patched-linux-x86_64 | 0.1.0 | 2.00 | 29.80 | 31.80 | OK | |
r-release-linux-x86_64 | OK | |||||
r-release-macos-arm64 | 0.1.0 | 36.00 | OK | |||
r-release-macos-x86_64 | 0.1.0 | 50.00 | OK | |||
r-release-windows-x86_64 | 0.1.0 | 3.00 | 51.00 | 54.00 | OK | |
r-oldrel-macos-arm64 | 0.1.0 | 26.00 | OK | |||
r-oldrel-macos-x86_64 | 0.1.0 | 50.00 | OK | |||
r-oldrel-windows-x86_64 | 0.1.0 | 4.00 | 59.00 | 63.00 | OK |
Version: 0.1.0
Check: CRAN incoming feasibility
Result: NOTE
Maintainer: ‘Carson Sprock <csprock@gmail.com>’
The Description field contains
<https://link.springer.com/chapter/10.1007/3-540-45294-X_3>.
Please use permanent DOI markup for linking to publications as in <doi:prefix/suffix>.
Flavors: r-devel-linux-x86_64-debian-clang, r-devel-linux-x86_64-debian-gcc