CRAN Package Check Results for Package SALTSampler

Last updated on 2025-05-03 21:51:31 CEST.

Flavor Version Tinstall Tcheck Ttotal Status Flags
r-devel-linux-x86_64-debian-clang 1.1.0 2.52 31.70 34.22 NOTE
r-devel-linux-x86_64-debian-gcc 1.1.0 1.78 22.37 24.15 NOTE
r-devel-linux-x86_64-fedora-clang 1.1.0 55.96 OK
r-devel-linux-x86_64-fedora-gcc 1.1.0 55.76 OK
r-devel-windows-x86_64 1.1.0 3.00 51.00 54.00 OK
r-patched-linux-x86_64 1.1.0 2.61 30.66 33.27 OK
r-release-linux-x86_64 OK
r-release-macos-arm64 1.1.0 20.00 OK
r-release-macos-x86_64 1.1.0 34.00 OK
r-release-windows-x86_64 1.1.0 4.00 50.00 54.00 OK
r-oldrel-macos-arm64 1.1.0 18.00 OK
r-oldrel-macos-x86_64 1.1.0 51.00 OK
r-oldrel-windows-x86_64 1.1.0 4.00 58.00 62.00 OK

Check Details

Version: 1.1.0
Check: CRAN incoming feasibility
Result: NOTE Maintainer: ‘Scott Vander Wiel <scottv@lanl.gov>’ No Authors@R field in DESCRIPTION. Please add one, modifying Authors@R: c(person(given = "Hannah", family = "Director", role = "aut"), person(given = c("Scott", "Vander"), family = "Wiel", role = c("aut", "cre"), email = "scottv@lanl.gov"), person(given = "James", family = "Gattiker", role = "aut")) as necessary. Flavors: r-devel-linux-x86_64-debian-clang, r-devel-linux-x86_64-debian-gcc