Last updated on 2025-05-04 03:51:05 CEST.
Flavor | Version | Tinstall | Tcheck | Ttotal | Status | Flags |
---|---|---|---|---|---|---|
r-devel-linux-x86_64-debian-clang | 1.2 | 12.07 | 96.63 | 108.70 | NOTE | |
r-devel-linux-x86_64-debian-gcc | 1.2 | 7.94 | 68.64 | 76.58 | NOTE | |
r-devel-linux-x86_64-fedora-clang | 1.2 | 170.79 | OK | |||
r-devel-linux-x86_64-fedora-gcc | 1.2 | 168.91 | OK | |||
r-devel-windows-x86_64 | 1.2 | 13.00 | 101.00 | 114.00 | OK | |
r-patched-linux-x86_64 | 1.2 | 11.24 | 92.20 | 103.44 | OK | |
r-release-linux-x86_64 | OK | |||||
r-release-macos-arm64 | 1.2 | 48.00 | OK | |||
r-release-macos-x86_64 | 1.2 | 88.00 | OK | |||
r-release-windows-x86_64 | 1.2 | 14.00 | 98.00 | 112.00 | OK | |
r-oldrel-macos-arm64 | 1.2 | 49.00 | OK | |||
r-oldrel-macos-x86_64 | 1.2 | 75.00 | OK | |||
r-oldrel-windows-x86_64 | 1.2 | 18.00 | 126.00 | 144.00 | OK |
Version: 1.2
Check: CRAN incoming feasibility
Result: NOTE
Maintainer: ‘Layla Parast <parast@austin.utexas.edu>’
No Authors@R field in DESCRIPTION.
Please add one, modifying
Authors@R: person(given = "Layla",
family = "Parast",
role = c("aut", "cre"),
email = "parast@austin.utexas.edu")
as necessary.
Flavors: r-devel-linux-x86_64-debian-clang, r-devel-linux-x86_64-debian-gcc