Last updated on 2025-05-06 06:50:07 CEST.
Flavor | Version | Tinstall | Tcheck | Ttotal | Status | Flags |
---|---|---|---|---|---|---|
r-devel-linux-x86_64-debian-clang | 1.0-2 | 7.39 | 64.43 | 71.82 | NOTE | |
r-devel-linux-x86_64-debian-gcc | 1.0-3 | 4.82 | 46.94 | 51.76 | OK | |
r-devel-linux-x86_64-fedora-clang | 1.0-3 | 117.56 | OK | |||
r-devel-linux-x86_64-fedora-gcc | 1.0-3 | 114.80 | OK | |||
r-devel-windows-x86_64 | 1.0-3 | 11.00 | 91.00 | 102.00 | OK | |
r-patched-linux-x86_64 | 1.0-2 | 7.11 | 62.86 | 69.97 | NOTE | |
r-release-linux-x86_64 | 1.0-2 | 6.73 | 61.90 | 68.63 | NOTE | |
r-release-macos-arm64 | 1.0-3 | 34.00 | OK | |||
r-release-macos-x86_64 | 1.0-3 | 67.00 | OK | |||
r-release-windows-x86_64 | 1.0-3 | 8.00 | 90.00 | 98.00 | OK | |
r-oldrel-macos-arm64 | 1.0-3 | 38.00 | OK | |||
r-oldrel-macos-x86_64 | 1.0-3 | 70.00 | OK | |||
r-oldrel-windows-x86_64 | 1.0-2 | 10.00 | 95.00 | 105.00 | OK |
Version: 1.0-2
Check: CRAN incoming feasibility
Result: NOTE
Maintainer: ‘Lukas Gudmundsson <lukas.gudmundsson@env.ethz.ch>’
No Authors@R field in DESCRIPTION.
Please add one, modifying
Authors@R: c(person(given = c("Lukas", "Gudmundsson", "&", "James", "H."),
family = "Stagge",
role = "aut"),
person(given = "Lukas",
family = "Gudmundsson",
role = "cre",
email = "lukas.gudmundsson@env.ethz.ch"))
as necessary.
Package CITATION file contains call(s) to old-style personList() or
as.personList(). Please use c() on person objects instead.
Package CITATION file contains call(s) to old-style citEntry(). Please
use bibentry() instead.
Flavor: r-devel-linux-x86_64-debian-clang
Version: 1.0-2
Check: Rd cross-references
Result: NOTE
Found the following Rd file(s) with Rd \link{} targets missing package
anchors:
fitSCI.Rd: mledist, fitdistrplus
genlog.Rd: pdfglo, quaglo, cdfglo
pe3.Rd: pdfpe3, quape3, cdfpe3
Please provide package anchors for all Rd \link{} targets not in the
package itself and the base packages.
Flavors: r-devel-linux-x86_64-debian-clang, r-patched-linux-x86_64, r-release-linux-x86_64