Last updated on 2025-05-03 12:54:54 CEST.
Flavor | Version | Tinstall | Tcheck | Ttotal | Status | Flags |
---|---|---|---|---|---|---|
r-devel-linux-x86_64-debian-clang | 2.7.3 | 30.75 | 276.60 | 307.35 | OK | |
r-devel-linux-x86_64-debian-gcc | 2.7.3 | 17.46 | 171.78 | 189.24 | OK | |
r-devel-linux-x86_64-fedora-clang | 2.7.3 | 484.44 | OK | |||
r-devel-linux-x86_64-fedora-gcc | 2.7.3 | 467.52 | OK | |||
r-devel-windows-x86_64 | 2.7.3 | 27.00 | 212.00 | 239.00 | OK | |
r-patched-linux-x86_64 | 2.7.3 | 28.46 | 261.02 | 289.48 | OK | |
r-release-linux-x86_64 | OK | |||||
r-release-macos-arm64 | 2.7.3 | 104.00 | OK | |||
r-release-macos-x86_64 | 2.7.3 | 240.00 | OK | |||
r-release-windows-x86_64 | 2.7.3 | 26.00 | 210.00 | 236.00 | OK | |
r-oldrel-macos-arm64 | 2.7.3 | 104.00 | OK | |||
r-oldrel-macos-x86_64 | 2.7.3 | 161.00 | OK | |||
r-oldrel-windows-x86_64 | 2.7.3 | 6.00 | 9.00 | 15.00 | ERROR |
Version: 2.7.3
Check: whether package can be installed
Result: ERROR
Installation failed.
Flavor: r-oldrel-windows-x86_64