CRAN Package Check Results for Package SFtools

Last updated on 2025-05-03 21:51:32 CEST.

Flavor Version Tinstall Tcheck Ttotal Status Flags
r-devel-linux-x86_64-debian-clang 0.1.0 5.60 57.64 63.24 NOTE
r-devel-linux-x86_64-debian-gcc 0.1.0 4.89 43.83 48.72 NOTE
r-devel-linux-x86_64-fedora-clang 0.1.0 102.85 OK
r-devel-linux-x86_64-fedora-gcc 0.1.0 97.61 OK
r-devel-windows-x86_64 0.1.0 8.00 73.00 81.00 OK
r-patched-linux-x86_64 0.1.0 6.89 55.93 62.82 OK
r-release-linux-x86_64 OK
r-release-macos-arm64 0.1.0 34.00 OK
r-release-macos-x86_64 0.1.0 57.00 OK
r-release-windows-x86_64 0.1.0 7.00 75.00 82.00 OK
r-oldrel-macos-arm64 0.1.0 32.00 NOTE
r-oldrel-macos-x86_64 0.1.0 50.00 NOTE
r-oldrel-windows-x86_64 0.1.0 9.00 91.00 100.00 NOTE

Check Details

Version: 0.1.0
Check: CRAN incoming feasibility
Result: NOTE Maintainer: ‘Mohamed Laib <laib.med@gmail.com>’ No Authors@R field in DESCRIPTION. Please add one, modifying Authors@R: c(person(given = "Mohamed", family = "Laib", role = c("aut", "cre"), email = "laib.med@gmail.com"), person(given = "Mikhail", family = "Kanevski", role = "aut")) as necessary. Flavors: r-devel-linux-x86_64-debian-clang, r-devel-linux-x86_64-debian-gcc

Version: 0.1.0
Check: LazyData
Result: NOTE 'LazyData' is specified without a 'data' directory Flavors: r-oldrel-macos-arm64, r-oldrel-macos-x86_64, r-oldrel-windows-x86_64