Last updated on 2024-06-17 06:50:32 CEST.
Flavor | Version | Tinstall | Tcheck | Ttotal | Status | Flags |
---|---|---|---|---|---|---|
r-devel-linux-x86_64-debian-clang | 1.8 | 2.38 | 25.62 | 28.00 | NOTE | |
r-devel-linux-x86_64-debian-gcc | 1.8 | 1.88 | 20.17 | 22.05 | NOTE | |
r-devel-linux-x86_64-fedora-clang | 1.8 | 38.79 | NOTE | |||
r-devel-linux-x86_64-fedora-gcc | 1.8 | 34.11 | NOTE | |||
r-devel-windows-x86_64 | 1.8 | 3.00 | 46.00 | 49.00 | NOTE | |
r-patched-linux-x86_64 | 1.8 | 2.58 | 25.54 | 28.12 | NOTE | |
r-release-linux-x86_64 | 1.8 | 2.10 | 24.99 | 27.09 | NOTE | |
r-release-macos-arm64 | 1.8 | 16.00 | NOTE | |||
r-release-macos-x86_64 | 1.8 | 24.00 | NOTE | |||
r-release-windows-x86_64 | 1.8 | 4.00 | 45.00 | 49.00 | NOTE | |
r-oldrel-macos-arm64 | 1.8 | 20.00 | NOTE | |||
r-oldrel-macos-x86_64 | 1.8 | 22.00 | NOTE | |||
r-oldrel-windows-x86_64 | 1.8 | 4.00 | 46.00 | 50.00 | NOTE |
Version: 1.8
Check: LazyData
Result: NOTE
'LazyData' is specified without a 'data' directory
Flavors: r-devel-linux-x86_64-debian-clang, r-devel-linux-x86_64-debian-gcc, r-devel-linux-x86_64-fedora-clang, r-devel-linux-x86_64-fedora-gcc, r-devel-windows-x86_64, r-patched-linux-x86_64, r-release-linux-x86_64, r-release-macos-arm64, r-release-macos-x86_64, r-release-windows-x86_64, r-oldrel-macos-arm64, r-oldrel-macos-x86_64, r-oldrel-windows-x86_64